{"id":15815,"date":"2026-01-21T19:05:53","date_gmt":"2026-01-21T18:05:53","guid":{"rendered":"https:\/\/radolfzell1200.de\/veranstaltung\/du-grain-au-pain-une-breve-histoire-du-pain\/"},"modified":"2026-02-06T14:22:04","modified_gmt":"2026-02-06T13:22:04","slug":"du-grain-au-pain-une-breve-histoire-du-pain","status":"publish","type":"tribe_events","link":"https:\/\/radolfzell1200.de\/fr\/veranstaltung\/du-grain-au-pain-une-breve-histoire-du-pain\/","title":{"rendered":"Du grain au pain &#8211; une br\u00e8ve histoire du pain"},"content":{"rendered":"<p>L&rsquo;association \u00ab\u00a0M\u00f6gginger Backh\u00fcsle\u00a0\u00bb et le jardin communautaire de M\u00f6ggingen s&rsquo;associent pour faire vivre l&rsquo;histoire du pain &#8211; bien au-del\u00e0 des 1 200 derni\u00e8res ann\u00e9es &#8211; au mois de juin. Ils suivent le chemin du grain jusqu&rsquo;au pain fini, mais aussi l&rsquo;histoire du pain au cours des si\u00e8cles pass\u00e9s. En proposant des activit\u00e9s pratiques, les deux associations souhaitent \u00e9veiller l&rsquo;int\u00e9r\u00eat pour la fabrication du pain et montrer que le pain est plus qu&rsquo;un aliment de base.  <\/p>\n<p><strong>02-30.06.26<\/strong><br \/>\u00a0\u00bb Exposition \u00ab\u00a0Du grain au pain\u00a0\u00bb dans les locaux<br \/>du BUND M\u00f6ggingen<br \/>\u00a0\u00bb Panneaux d&rsquo;affichage dans le jardin communautaire de M\u00f6ggingen sur<br \/>vari\u00e9t\u00e9s de c\u00e9r\u00e9ales<br \/><strong><br \/>11.06.26 \u00e0 19h<\/strong><br \/>Conf\u00e9rence \u00ab\u00a0M\u00fchlen in und um Radolfzell und M\u00f6ggingen\u00a0\u00bb (Moulins \u00e0 et autour de Radolfzell et M\u00f6ggingen) \u00e0<br \/>Dorfgemeinschaftshaus<br \/><strong><br \/>12.06.26 \u00e0 19h<\/strong><br \/>Conf\u00e9rence \u00ab\u00a0Tout sur la fabrication du pain\u00a0\u00bb \u00e0 la maison communale du village<strong><\/p>\n<p>13. &amp; 14.06.26<\/strong><br \/>Cuisson et d\u00e9gustation de pain \u00e0 la boulangerie M\u00f6gginger Backh\u00fcsle, visite guid\u00e9e<br \/>\u00e0 travers le jardin communautaire (inscription obligatoire)<\/p>\n<p><\/p>\n","protected":false},"excerpt":{"rendered":"<p>L&rsquo;association \u00ab\u00a0M\u00f6gginger Backh\u00fcsle\u00a0\u00bb et le jardin communautaire de M\u00f6ggingen s&rsquo;associent pour faire vivre l&rsquo;histoire du pain &#8211; bien au-del\u00e0 des [&hellip;]<\/p>\n","protected":false},"author":1,"featured_media":19345,"template":"","meta":{"_price":"","_stock":"","_tribe_ticket_header":"","_tribe_default_ticket_provider":"","_ticket_start_date":"","_ticket_end_date":"","_tribe_ticket_show_description":"","_tribe_ticket_show_not_going":false,"_tribe_ticket_use_global_stock":"","_tribe_ticket_global_stock_level":"","_global_stock_mode":"","_global_stock_cap":"","_tribe_rsvp_for_event":"","_tribe_ticket_going_count":"","_tribe_ticket_not_going_count":"","_tribe_tickets_list":"[]","_tribe_ticket_has_attendee_info_fields":false,"_tribe_events_status":"","_tribe_events_status_reason":"","footnotes":"","_tec_slr_enabled":"","_tec_slr_layout":""},"tags":[],"tribe_events_cat":[],"class_list":["post-15815","tribe_events","type-tribe_events","status-publish","has-post-thumbnail","hentry"],"yoast_head":"<!-- This site is optimized with the Yoast SEO plugin v26.7 - https:\/\/yoast.com\/wordpress\/plugins\/seo\/ -->\n<title>Du grain au pain - une br\u00e8ve histoire du pain - Stadtjubil\u00e4um Radolfzell<\/title>\n<meta name=\"robots\" content=\"index, follow, max-snippet:-1, max-image-preview:large, max-video-preview:-1\" \/>\n<link rel=\"canonical\" href=\"https:\/\/radolfzell1200.de\/fr\/veranstaltung\/du-grain-au-pain-une-breve-histoire-du-pain\/\" \/>\n<meta property=\"og:locale\" content=\"fr_FR\" \/>\n<meta property=\"og:type\" content=\"article\" \/>\n<meta property=\"og:title\" content=\"Du grain au pain - une br\u00e8ve histoire du pain - Stadtjubil\u00e4um Radolfzell\" \/>\n<meta property=\"og:description\" content=\"L&rsquo;association \u00ab\u00a0M\u00f6gginger Backh\u00fcsle\u00a0\u00bb et le jardin communautaire de M\u00f6ggingen s&rsquo;associent pour faire vivre l&rsquo;histoire du pain &#8211; bien au-del\u00e0 des [&hellip;]\" \/>\n<meta property=\"og:url\" content=\"https:\/\/radolfzell1200.de\/fr\/veranstaltung\/du-grain-au-pain-une-breve-histoire-du-pain\/\" \/>\n<meta property=\"og:site_name\" content=\"Stadtjubil\u00e4um Radolfzell\" \/>\n<meta property=\"article:modified_time\" content=\"2026-02-06T13:22:04+00:00\" \/>\n<meta property=\"og:image\" content=\"https:\/\/radolfzell1200.de\/wp-content\/uploads\/sites\/17\/2026\/02\/event-9f22c5b6-61c7-4fda-a90a-52382821e24b-2.jpg\" \/>\n\t<meta property=\"og:image:width\" content=\"800\" \/>\n\t<meta property=\"og:image:height\" content=\"600\" \/>\n\t<meta property=\"og:image:type\" content=\"image\/jpeg\" \/>\n<meta name=\"twitter:card\" content=\"summary_large_image\" \/>\n<meta name=\"twitter:label1\" content=\"Dur\u00e9e de lecture estim\u00e9e\" \/>\n\t<meta name=\"twitter:data1\" content=\"1 minute\" \/>\n<script type=\"application\/ld+json\" class=\"yoast-schema-graph\">{\"@context\":\"https:\/\/schema.org\",\"@graph\":[{\"@type\":\"WebPage\",\"@id\":\"https:\/\/radolfzell1200.de\/fr\/veranstaltung\/du-grain-au-pain-une-breve-histoire-du-pain\/\",\"url\":\"https:\/\/radolfzell1200.de\/fr\/veranstaltung\/du-grain-au-pain-une-breve-histoire-du-pain\/\",\"name\":\"Du grain au pain - une br\u00e8ve histoire du pain - Stadtjubil\u00e4um Radolfzell\",\"isPartOf\":{\"@id\":\"https:\/\/radolfzell1200.de\/fr\/#website\"},\"primaryImageOfPage\":{\"@id\":\"https:\/\/radolfzell1200.de\/fr\/veranstaltung\/du-grain-au-pain-une-breve-histoire-du-pain\/#primaryimage\"},\"image\":{\"@id\":\"https:\/\/radolfzell1200.de\/fr\/veranstaltung\/du-grain-au-pain-une-breve-histoire-du-pain\/#primaryimage\"},\"thumbnailUrl\":\"https:\/\/radolfzell1200.de\/wp-content\/uploads\/sites\/17\/2026\/02\/event-9f22c5b6-61c7-4fda-a90a-52382821e24b-2.jpg\",\"datePublished\":\"2026-01-21T18:05:53+00:00\",\"dateModified\":\"2026-02-06T13:22:04+00:00\",\"breadcrumb\":{\"@id\":\"https:\/\/radolfzell1200.de\/fr\/veranstaltung\/du-grain-au-pain-une-breve-histoire-du-pain\/#breadcrumb\"},\"inLanguage\":\"fr-FR\",\"potentialAction\":[{\"@type\":\"ReadAction\",\"target\":[\"https:\/\/radolfzell1200.de\/fr\/veranstaltung\/du-grain-au-pain-une-breve-histoire-du-pain\/\"]}]},{\"@type\":\"ImageObject\",\"inLanguage\":\"fr-FR\",\"@id\":\"https:\/\/radolfzell1200.de\/fr\/veranstaltung\/du-grain-au-pain-une-breve-histoire-du-pain\/#primaryimage\",\"url\":\"https:\/\/radolfzell1200.de\/wp-content\/uploads\/sites\/17\/2026\/02\/event-9f22c5b6-61c7-4fda-a90a-52382821e24b-2.jpg\",\"contentUrl\":\"https:\/\/radolfzell1200.de\/wp-content\/uploads\/sites\/17\/2026\/02\/event-9f22c5b6-61c7-4fda-a90a-52382821e24b-2.jpg\",\"width\":800,\"height\":600},{\"@type\":\"BreadcrumbList\",\"@id\":\"https:\/\/radolfzell1200.de\/fr\/veranstaltung\/du-grain-au-pain-une-breve-histoire-du-pain\/#breadcrumb\",\"itemListElement\":[{\"@type\":\"ListItem\",\"position\":1,\"name\":\"Startseite\",\"item\":\"https:\/\/radolfzell1200.de\/fr\/page-daccueil\/\"},{\"@type\":\"ListItem\",\"position\":2,\"name\":\"\u00c9v\u00e8nements\",\"item\":\"https:\/\/radolfzell1200.de\/fr\/veranstaltungen\/\"},{\"@type\":\"ListItem\",\"position\":3,\"name\":\"Du grain au pain &#8211; une br\u00e8ve histoire du pain\"}]},{\"@type\":\"WebSite\",\"@id\":\"https:\/\/radolfzell1200.de\/fr\/#website\",\"url\":\"https:\/\/radolfzell1200.de\/fr\/\",\"name\":\"Stadtjubil\u00e4um Radolfzell\",\"description\":\"Kultur Radolfzell Website\",\"potentialAction\":[{\"@type\":\"SearchAction\",\"target\":{\"@type\":\"EntryPoint\",\"urlTemplate\":\"https:\/\/radolfzell1200.de\/fr\/?s={search_term_string}\"},\"query-input\":{\"@type\":\"PropertyValueSpecification\",\"valueRequired\":true,\"valueName\":\"search_term_string\"}}],\"inLanguage\":\"fr-FR\"}]}<\/script>\n<!-- \/ Yoast SEO plugin. -->","yoast_head_json":{"title":"Du grain au pain - une br\u00e8ve histoire du pain - Stadtjubil\u00e4um Radolfzell","robots":{"index":"index","follow":"follow","max-snippet":"max-snippet:-1","max-image-preview":"max-image-preview:large","max-video-preview":"max-video-preview:-1"},"canonical":"https:\/\/radolfzell1200.de\/fr\/veranstaltung\/du-grain-au-pain-une-breve-histoire-du-pain\/","og_locale":"fr_FR","og_type":"article","og_title":"Du grain au pain - une br\u00e8ve histoire du pain - Stadtjubil\u00e4um Radolfzell","og_description":"L&rsquo;association \u00ab\u00a0M\u00f6gginger Backh\u00fcsle\u00a0\u00bb et le jardin communautaire de M\u00f6ggingen s&rsquo;associent pour faire vivre l&rsquo;histoire du pain &#8211; bien au-del\u00e0 des [&hellip;]","og_url":"https:\/\/radolfzell1200.de\/fr\/veranstaltung\/du-grain-au-pain-une-breve-histoire-du-pain\/","og_site_name":"Stadtjubil\u00e4um Radolfzell","article_modified_time":"2026-02-06T13:22:04+00:00","og_image":[{"width":800,"height":600,"url":"https:\/\/radolfzell1200.de\/wp-content\/uploads\/sites\/17\/2026\/02\/event-9f22c5b6-61c7-4fda-a90a-52382821e24b-2.jpg","type":"image\/jpeg"}],"twitter_card":"summary_large_image","twitter_misc":{"Dur\u00e9e de lecture estim\u00e9e":"1 minute"},"schema":{"@context":"https:\/\/schema.org","@graph":[{"@type":"WebPage","@id":"https:\/\/radolfzell1200.de\/fr\/veranstaltung\/du-grain-au-pain-une-breve-histoire-du-pain\/","url":"https:\/\/radolfzell1200.de\/fr\/veranstaltung\/du-grain-au-pain-une-breve-histoire-du-pain\/","name":"Du grain au pain - une br\u00e8ve histoire du pain - Stadtjubil\u00e4um Radolfzell","isPartOf":{"@id":"https:\/\/radolfzell1200.de\/fr\/#website"},"primaryImageOfPage":{"@id":"https:\/\/radolfzell1200.de\/fr\/veranstaltung\/du-grain-au-pain-une-breve-histoire-du-pain\/#primaryimage"},"image":{"@id":"https:\/\/radolfzell1200.de\/fr\/veranstaltung\/du-grain-au-pain-une-breve-histoire-du-pain\/#primaryimage"},"thumbnailUrl":"https:\/\/radolfzell1200.de\/wp-content\/uploads\/sites\/17\/2026\/02\/event-9f22c5b6-61c7-4fda-a90a-52382821e24b-2.jpg","datePublished":"2026-01-21T18:05:53+00:00","dateModified":"2026-02-06T13:22:04+00:00","breadcrumb":{"@id":"https:\/\/radolfzell1200.de\/fr\/veranstaltung\/du-grain-au-pain-une-breve-histoire-du-pain\/#breadcrumb"},"inLanguage":"fr-FR","potentialAction":[{"@type":"ReadAction","target":["https:\/\/radolfzell1200.de\/fr\/veranstaltung\/du-grain-au-pain-une-breve-histoire-du-pain\/"]}]},{"@type":"ImageObject","inLanguage":"fr-FR","@id":"https:\/\/radolfzell1200.de\/fr\/veranstaltung\/du-grain-au-pain-une-breve-histoire-du-pain\/#primaryimage","url":"https:\/\/radolfzell1200.de\/wp-content\/uploads\/sites\/17\/2026\/02\/event-9f22c5b6-61c7-4fda-a90a-52382821e24b-2.jpg","contentUrl":"https:\/\/radolfzell1200.de\/wp-content\/uploads\/sites\/17\/2026\/02\/event-9f22c5b6-61c7-4fda-a90a-52382821e24b-2.jpg","width":800,"height":600},{"@type":"BreadcrumbList","@id":"https:\/\/radolfzell1200.de\/fr\/veranstaltung\/du-grain-au-pain-une-breve-histoire-du-pain\/#breadcrumb","itemListElement":[{"@type":"ListItem","position":1,"name":"Startseite","item":"https:\/\/radolfzell1200.de\/fr\/page-daccueil\/"},{"@type":"ListItem","position":2,"name":"\u00c9v\u00e8nements","item":"https:\/\/radolfzell1200.de\/fr\/veranstaltungen\/"},{"@type":"ListItem","position":3,"name":"Du grain au pain &#8211; une br\u00e8ve histoire du pain"}]},{"@type":"WebSite","@id":"https:\/\/radolfzell1200.de\/fr\/#website","url":"https:\/\/radolfzell1200.de\/fr\/","name":"Stadtjubil\u00e4um Radolfzell","description":"Kultur Radolfzell Website","potentialAction":[{"@type":"SearchAction","target":{"@type":"EntryPoint","urlTemplate":"https:\/\/radolfzell1200.de\/fr\/?s={search_term_string}"},"query-input":{"@type":"PropertyValueSpecification","valueRequired":true,"valueName":"search_term_string"}}],"inLanguage":"fr-FR"}]}},"ticketed":false,"_links":{"self":[{"href":"https:\/\/radolfzell1200.de\/fr\/wp-json\/wp\/v2\/tribe_events\/15815","targetHints":{"allow":["GET"]}}],"collection":[{"href":"https:\/\/radolfzell1200.de\/fr\/wp-json\/wp\/v2\/tribe_events"}],"about":[{"href":"https:\/\/radolfzell1200.de\/fr\/wp-json\/wp\/v2\/types\/tribe_events"}],"author":[{"embeddable":true,"href":"https:\/\/radolfzell1200.de\/fr\/wp-json\/wp\/v2\/users\/1"}],"version-history":[{"count":2,"href":"https:\/\/radolfzell1200.de\/fr\/wp-json\/wp\/v2\/tribe_events\/15815\/revisions"}],"predecessor-version":[{"id":18484,"href":"https:\/\/radolfzell1200.de\/fr\/wp-json\/wp\/v2\/tribe_events\/15815\/revisions\/18484"}],"wp:featuredmedia":[{"embeddable":true,"href":"https:\/\/radolfzell1200.de\/fr\/wp-json\/wp\/v2\/media\/19345"}],"wp:attachment":[{"href":"https:\/\/radolfzell1200.de\/fr\/wp-json\/wp\/v2\/media?parent=15815"}],"wp:term":[{"taxonomy":"post_tag","embeddable":true,"href":"https:\/\/radolfzell1200.de\/fr\/wp-json\/wp\/v2\/tags?post=15815"},{"taxonomy":"tribe_events_cat","embeddable":true,"href":"https:\/\/radolfzell1200.de\/fr\/wp-json\/wp\/v2\/tribe_events_cat?post=15815"}],"curies":[{"name":"wp","href":"https:\/\/api.w.org\/{rel}","templated":true}]}}

Du grain au pain &#8211; une brève histoire du pain

<p>L&rsquo;association « Mögginger Backhüsle » et le jardin communautaire de Möggingen s&rsquo;associent pour faire vivre l&rsquo;histoire du pain &#8211; bien au-delà des 1 200 dernières années &#8211; au mois de juin. Ils suivent le chemin du grain jusqu&rsquo;au pain fini, mais aussi l&rsquo;histoire du pain au cours des siècles passés. En proposant des activités pratiques, les deux associations souhaitent éveiller l&rsquo;intérêt pour la fabrication du pain et montrer que le pain est plus qu&rsquo;un aliment de base.  </p>
<p><strong>02-30.06.26</strong><br /> » Exposition « Du grain au pain » dans les locaux<br />du BUND Möggingen<br /> » Panneaux d&rsquo;affichage dans le jardin communautaire de Möggingen sur<br />variétés de céréales<br /><strong><br />11.06.26 à 19h</strong><br />Conférence « Mühlen in und um Radolfzell und Möggingen » (Moulins à et autour de Radolfzell et Möggingen) à<br />Dorfgemeinschaftshaus<br /><strong><br />12.06.26 à 19h</strong><br />Conférence « Tout sur la fabrication du pain » à la maison communale du village<strong></p>
<p>13. &amp; 14.06.26</strong><br />Cuisson et dégustation de pain à la boulangerie Mögginger Backhüsle, visite guidée<br />à travers le jardin communautaire (inscription obligatoire)</p>
<p></p>

<p>L&rsquo;association « Mögginger Backhüsle » et le jardin communautaire de Möggingen s&rsquo;associent pour faire vivre l&rsquo;histoire du pain &#8211; bien au-delà des [&hellip;]</p>

<!-- This site is optimized with the Yoast SEO plugin v26.7 - https://yoast.com/wordpress/plugins/seo/ -->
<title>Du grain au pain - une brève histoire du pain - Stadtjubiläum Radolfzell</title>
<meta name="robots" content="index, follow, max-snippet:-1, max-image-preview:large, max-video-preview:-1" />
<link rel="canonical" href="https://radolfzell1200.de/fr/veranstaltung/du-grain-au-pain-une-breve-histoire-du-pain/" />
<meta property="og:locale" content="fr_FR" />
<meta property="og:type" content="article" />
<meta property="og:title" content="Du grain au pain - une brève histoire du pain - Stadtjubiläum Radolfzell" />
<meta property="og:description" content="L&rsquo;association « Mögginger Backhüsle » et le jardin communautaire de Möggingen s&rsquo;associent pour faire vivre l&rsquo;histoire du pain &#8211; bien au-delà des [&hellip;]" />
<meta property="og:url" content="https://radolfzell1200.de/fr/veranstaltung/du-grain-au-pain-une-breve-histoire-du-pain/" />
<meta property="og:site_name" content="Stadtjubiläum Radolfzell" />
<meta property="article:modified_time" content="2026-02-06T13:22:04+00:00" />
<meta property="og:image" content="https://radolfzell1200.de/wp-content/uploads/sites/17/2026/02/event-9f22c5b6-61c7-4fda-a90a-52382821e24b-2.jpg" />
	<meta property="og:image:width" content="800" />
	<meta property="og:image:height" content="600" />
	<meta property="og:image:type" content="image/jpeg" />
<meta name="twitter:card" content="summary_large_image" />
<meta name="twitter:label1" content="Durée de lecture estimée" />
	<meta name="twitter:data1" content="1 minute" />
<script type="application/ld+json" class="yoast-schema-graph">{"@context":"https://schema.org","@graph":[{"@type":"WebPage","@id":"https://radolfzell1200.de/fr/veranstaltung/du-grain-au-pain-une-breve-histoire-du-pain/","url":"https://radolfzell1200.de/fr/veranstaltung/du-grain-au-pain-une-breve-histoire-du-pain/","name":"Du grain au pain - une brève histoire du pain - Stadtjubiläum Radolfzell","isPartOf":{"@id":"https://radolfzell1200.de/fr/#website"},"primaryImageOfPage":{"@id":"https://radolfzell1200.de/fr/veranstaltung/du-grain-au-pain-une-breve-histoire-du-pain/#primaryimage"},"image":{"@id":"https://radolfzell1200.de/fr/veranstaltung/du-grain-au-pain-une-breve-histoire-du-pain/#primaryimage"},"thumbnailUrl":"https://radolfzell1200.de/wp-content/uploads/sites/17/2026/02/event-9f22c5b6-61c7-4fda-a90a-52382821e24b-2.jpg","datePublished":"2026-01-21T18:05:53+00:00","dateModified":"2026-02-06T13:22:04+00:00","breadcrumb":{"@id":"https://radolfzell1200.de/fr/veranstaltung/du-grain-au-pain-une-breve-histoire-du-pain/#breadcrumb"},"inLanguage":"fr-FR","potentialAction":[{"@type":"ReadAction","target":["https://radolfzell1200.de/fr/veranstaltung/du-grain-au-pain-une-breve-histoire-du-pain/"]}]},{"@type":"ImageObject","inLanguage":"fr-FR","@id":"https://radolfzell1200.de/fr/veranstaltung/du-grain-au-pain-une-breve-histoire-du-pain/#primaryimage","url":"https://radolfzell1200.de/wp-content/uploads/sites/17/2026/02/event-9f22c5b6-61c7-4fda-a90a-52382821e24b-2.jpg","contentUrl":"https://radolfzell1200.de/wp-content/uploads/sites/17/2026/02/event-9f22c5b6-61c7-4fda-a90a-52382821e24b-2.jpg","width":800,"height":600},{"@type":"BreadcrumbList","@id":"https://radolfzell1200.de/fr/veranstaltung/du-grain-au-pain-une-breve-histoire-du-pain/#breadcrumb","itemListElement":[{"@type":"ListItem","position":1,"name":"Startseite","item":"https://radolfzell1200.de/fr/page-daccueil/"},{"@type":"ListItem","position":2,"name":"Évènements","item":"https://radolfzell1200.de/fr/veranstaltungen/"},{"@type":"ListItem","position":3,"name":"Du grain au pain &#8211; une brève histoire du pain"}]},{"@type":"WebSite","@id":"https://radolfzell1200.de/fr/#website","url":"https://radolfzell1200.de/fr/","name":"Stadtjubiläum Radolfzell","description":"Kultur Radolfzell Website","potentialAction":[{"@type":"SearchAction","target":{"@type":"EntryPoint","urlTemplate":"https://radolfzell1200.de/fr/?s={search_term_string}"},"query-input":{"@type":"PropertyValueSpecification","valueRequired":true,"valueName":"search_term_string"}}],"inLanguage":"fr-FR"}]}</script>
<!-- / Yoast SEO plugin. -->

Du grain au pain - une brève histoire du pain - Stadtjubiläum Radolfzell

L&rsquo;association « Mögginger Backhüsle » et le jardin communautaire de Möggingen s&rsquo;associent pour faire vivre l&rsquo;histoire du pain &#8211; bien au-delà des [&hellip;]

Stadtjubiläum Radolfzell

Évènements
