{"id":15664,"date":"2026-01-21T18:56:05","date_gmt":"2026-01-21T17:56:05","guid":{"rendered":"https:\/\/radolfzell1200.de\/veranstaltung\/journee-internationale\/"},"modified":"2026-01-21T18:56:05","modified_gmt":"2026-01-21T17:56:05","slug":"journee-internationale","status":"publish","type":"tribe_events","link":"https:\/\/radolfzell1200.de\/fr\/veranstaltung\/journee-internationale\/","title":{"rendered":"Journ\u00e9e internationale"},"content":{"rendered":"<p>La Journ\u00e9e internationale a une longue tradition \u00e0 Radolfzell et a lieu tous les deux ans. C&rsquo;est une f\u00eate des cultures, marqu\u00e9e par la danse, la musique et la gastronomie. C&rsquo;est aussi une journ\u00e9e de rencontre et de cohabitation pacifique entre tous les citoyens de diff\u00e9rentes nations et cultures.  <\/p>\n","protected":false},"excerpt":{"rendered":"<p>La Journ\u00e9e internationale a une longue tradition \u00e0 Radolfzell et a lieu tous les deux ans. C&rsquo;est une f\u00eate des [&hellip;]<\/p>\n","protected":false},"author":1,"featured_media":20943,"template":"","meta":{"_price":"","_stock":"","_tribe_ticket_header":"","_tribe_default_ticket_provider":"","_ticket_start_date":"","_ticket_end_date":"","_tribe_ticket_show_description":"","_tribe_ticket_show_not_going":false,"_tribe_ticket_use_global_stock":"","_tribe_ticket_global_stock_level":"","_global_stock_mode":"","_global_stock_cap":"","_tribe_rsvp_for_event":"","_tribe_ticket_going_count":"","_tribe_ticket_not_going_count":"","_tribe_tickets_list":"[]","_tribe_ticket_has_attendee_info_fields":false,"_tribe_events_status":"","_tribe_events_status_reason":"","footnotes":"","_tec_slr_enabled":"","_tec_slr_layout":""},"tags":[],"tribe_events_cat":[],"class_list":["post-15664","tribe_events","type-tribe_events","status-publish","has-post-thumbnail","hentry"],"yoast_head":"<!-- This site is optimized with the Yoast SEO plugin v26.7 - https:\/\/yoast.com\/wordpress\/plugins\/seo\/ -->\n<title>Journ\u00e9e internationale - Stadtjubil\u00e4um Radolfzell<\/title>\n<meta name=\"robots\" content=\"index, follow, max-snippet:-1, max-image-preview:large, max-video-preview:-1\" \/>\n<link rel=\"canonical\" href=\"https:\/\/radolfzell1200.de\/fr\/veranstaltung\/journee-internationale\/\" \/>\n<meta property=\"og:locale\" content=\"fr_FR\" \/>\n<meta property=\"og:type\" content=\"article\" \/>\n<meta property=\"og:title\" content=\"Journ\u00e9e internationale - Stadtjubil\u00e4um Radolfzell\" \/>\n<meta property=\"og:description\" content=\"La Journ\u00e9e internationale a une longue tradition \u00e0 Radolfzell et a lieu tous les deux ans. C&rsquo;est une f\u00eate des [&hellip;]\" \/>\n<meta property=\"og:url\" content=\"https:\/\/radolfzell1200.de\/fr\/veranstaltung\/journee-internationale\/\" \/>\n<meta property=\"og:site_name\" content=\"Stadtjubil\u00e4um Radolfzell\" \/>\n<meta property=\"og:image\" content=\"https:\/\/radolfzell1200.de\/wp-content\/uploads\/sites\/17\/2026\/01\/event-33a8de2a-1197-4c70-9d11-9a227ac2dd87.jpg\" \/>\n\t<meta property=\"og:image:width\" content=\"800\" \/>\n\t<meta property=\"og:image:height\" content=\"600\" \/>\n\t<meta property=\"og:image:type\" content=\"image\/jpeg\" \/>\n<meta name=\"twitter:card\" content=\"summary_large_image\" \/>\n<script type=\"application\/ld+json\" class=\"yoast-schema-graph\">{\"@context\":\"https:\/\/schema.org\",\"@graph\":[{\"@type\":\"WebPage\",\"@id\":\"https:\/\/radolfzell1200.de\/fr\/veranstaltung\/journee-internationale\/\",\"url\":\"https:\/\/radolfzell1200.de\/fr\/veranstaltung\/journee-internationale\/\",\"name\":\"Journ\u00e9e internationale - Stadtjubil\u00e4um Radolfzell\",\"isPartOf\":{\"@id\":\"https:\/\/radolfzell1200.de\/fr\/#website\"},\"primaryImageOfPage\":{\"@id\":\"https:\/\/radolfzell1200.de\/fr\/veranstaltung\/journee-internationale\/#primaryimage\"},\"image\":{\"@id\":\"https:\/\/radolfzell1200.de\/fr\/veranstaltung\/journee-internationale\/#primaryimage\"},\"thumbnailUrl\":\"https:\/\/radolfzell1200.de\/wp-content\/uploads\/sites\/17\/2026\/02\/event-33a8de2a-1197-4c70-9d11-9a227ac2dd87-2.jpg\",\"datePublished\":\"2026-01-21T17:56:05+00:00\",\"breadcrumb\":{\"@id\":\"https:\/\/radolfzell1200.de\/fr\/veranstaltung\/journee-internationale\/#breadcrumb\"},\"inLanguage\":\"fr-FR\",\"potentialAction\":[{\"@type\":\"ReadAction\",\"target\":[\"https:\/\/radolfzell1200.de\/fr\/veranstaltung\/journee-internationale\/\"]}]},{\"@type\":\"ImageObject\",\"inLanguage\":\"fr-FR\",\"@id\":\"https:\/\/radolfzell1200.de\/fr\/veranstaltung\/journee-internationale\/#primaryimage\",\"url\":\"https:\/\/radolfzell1200.de\/wp-content\/uploads\/sites\/17\/2026\/02\/event-33a8de2a-1197-4c70-9d11-9a227ac2dd87-2.jpg\",\"contentUrl\":\"https:\/\/radolfzell1200.de\/wp-content\/uploads\/sites\/17\/2026\/02\/event-33a8de2a-1197-4c70-9d11-9a227ac2dd87-2.jpg\",\"width\":800,\"height\":600},{\"@type\":\"BreadcrumbList\",\"@id\":\"https:\/\/radolfzell1200.de\/fr\/veranstaltung\/journee-internationale\/#breadcrumb\",\"itemListElement\":[{\"@type\":\"ListItem\",\"position\":1,\"name\":\"Startseite\",\"item\":\"https:\/\/radolfzell1200.de\/fr\/page-daccueil\/\"},{\"@type\":\"ListItem\",\"position\":2,\"name\":\"\u00c9v\u00e8nements\",\"item\":\"https:\/\/radolfzell1200.de\/fr\/veranstaltungen\/\"},{\"@type\":\"ListItem\",\"position\":3,\"name\":\"Journ\u00e9e internationale\"}]},{\"@type\":\"WebSite\",\"@id\":\"https:\/\/radolfzell1200.de\/fr\/#website\",\"url\":\"https:\/\/radolfzell1200.de\/fr\/\",\"name\":\"Stadtjubil\u00e4um Radolfzell\",\"description\":\"Kultur Radolfzell Website\",\"potentialAction\":[{\"@type\":\"SearchAction\",\"target\":{\"@type\":\"EntryPoint\",\"urlTemplate\":\"https:\/\/radolfzell1200.de\/fr\/?s={search_term_string}\"},\"query-input\":{\"@type\":\"PropertyValueSpecification\",\"valueRequired\":true,\"valueName\":\"search_term_string\"}}],\"inLanguage\":\"fr-FR\"}]}<\/script>\n<!-- \/ Yoast SEO plugin. -->","yoast_head_json":{"title":"Journ\u00e9e internationale - Stadtjubil\u00e4um Radolfzell","robots":{"index":"index","follow":"follow","max-snippet":"max-snippet:-1","max-image-preview":"max-image-preview:large","max-video-preview":"max-video-preview:-1"},"canonical":"https:\/\/radolfzell1200.de\/fr\/veranstaltung\/journee-internationale\/","og_locale":"fr_FR","og_type":"article","og_title":"Journ\u00e9e internationale - Stadtjubil\u00e4um Radolfzell","og_description":"La Journ\u00e9e internationale a une longue tradition \u00e0 Radolfzell et a lieu tous les deux ans. C&rsquo;est une f\u00eate des [&hellip;]","og_url":"https:\/\/radolfzell1200.de\/fr\/veranstaltung\/journee-internationale\/","og_site_name":"Stadtjubil\u00e4um Radolfzell","og_image":[{"width":800,"height":600,"url":"https:\/\/radolfzell1200.de\/wp-content\/uploads\/sites\/17\/2026\/01\/event-33a8de2a-1197-4c70-9d11-9a227ac2dd87.jpg","type":"image\/jpeg"}],"twitter_card":"summary_large_image","schema":{"@context":"https:\/\/schema.org","@graph":[{"@type":"WebPage","@id":"https:\/\/radolfzell1200.de\/fr\/veranstaltung\/journee-internationale\/","url":"https:\/\/radolfzell1200.de\/fr\/veranstaltung\/journee-internationale\/","name":"Journ\u00e9e internationale - Stadtjubil\u00e4um Radolfzell","isPartOf":{"@id":"https:\/\/radolfzell1200.de\/fr\/#website"},"primaryImageOfPage":{"@id":"https:\/\/radolfzell1200.de\/fr\/veranstaltung\/journee-internationale\/#primaryimage"},"image":{"@id":"https:\/\/radolfzell1200.de\/fr\/veranstaltung\/journee-internationale\/#primaryimage"},"thumbnailUrl":"https:\/\/radolfzell1200.de\/wp-content\/uploads\/sites\/17\/2026\/02\/event-33a8de2a-1197-4c70-9d11-9a227ac2dd87-2.jpg","datePublished":"2026-01-21T17:56:05+00:00","breadcrumb":{"@id":"https:\/\/radolfzell1200.de\/fr\/veranstaltung\/journee-internationale\/#breadcrumb"},"inLanguage":"fr-FR","potentialAction":[{"@type":"ReadAction","target":["https:\/\/radolfzell1200.de\/fr\/veranstaltung\/journee-internationale\/"]}]},{"@type":"ImageObject","inLanguage":"fr-FR","@id":"https:\/\/radolfzell1200.de\/fr\/veranstaltung\/journee-internationale\/#primaryimage","url":"https:\/\/radolfzell1200.de\/wp-content\/uploads\/sites\/17\/2026\/02\/event-33a8de2a-1197-4c70-9d11-9a227ac2dd87-2.jpg","contentUrl":"https:\/\/radolfzell1200.de\/wp-content\/uploads\/sites\/17\/2026\/02\/event-33a8de2a-1197-4c70-9d11-9a227ac2dd87-2.jpg","width":800,"height":600},{"@type":"BreadcrumbList","@id":"https:\/\/radolfzell1200.de\/fr\/veranstaltung\/journee-internationale\/#breadcrumb","itemListElement":[{"@type":"ListItem","position":1,"name":"Startseite","item":"https:\/\/radolfzell1200.de\/fr\/page-daccueil\/"},{"@type":"ListItem","position":2,"name":"\u00c9v\u00e8nements","item":"https:\/\/radolfzell1200.de\/fr\/veranstaltungen\/"},{"@type":"ListItem","position":3,"name":"Journ\u00e9e internationale"}]},{"@type":"WebSite","@id":"https:\/\/radolfzell1200.de\/fr\/#website","url":"https:\/\/radolfzell1200.de\/fr\/","name":"Stadtjubil\u00e4um Radolfzell","description":"Kultur Radolfzell Website","potentialAction":[{"@type":"SearchAction","target":{"@type":"EntryPoint","urlTemplate":"https:\/\/radolfzell1200.de\/fr\/?s={search_term_string}"},"query-input":{"@type":"PropertyValueSpecification","valueRequired":true,"valueName":"search_term_string"}}],"inLanguage":"fr-FR"}]}},"ticketed":false,"_links":{"self":[{"href":"https:\/\/radolfzell1200.de\/fr\/wp-json\/wp\/v2\/tribe_events\/15664","targetHints":{"allow":["GET"]}}],"collection":[{"href":"https:\/\/radolfzell1200.de\/fr\/wp-json\/wp\/v2\/tribe_events"}],"about":[{"href":"https:\/\/radolfzell1200.de\/fr\/wp-json\/wp\/v2\/types\/tribe_events"}],"author":[{"embeddable":true,"href":"https:\/\/radolfzell1200.de\/fr\/wp-json\/wp\/v2\/users\/1"}],"version-history":[{"count":0,"href":"https:\/\/radolfzell1200.de\/fr\/wp-json\/wp\/v2\/tribe_events\/15664\/revisions"}],"wp:featuredmedia":[{"embeddable":true,"href":"https:\/\/radolfzell1200.de\/fr\/wp-json\/wp\/v2\/media\/20943"}],"wp:attachment":[{"href":"https:\/\/radolfzell1200.de\/fr\/wp-json\/wp\/v2\/media?parent=15664"}],"wp:term":[{"taxonomy":"post_tag","embeddable":true,"href":"https:\/\/radolfzell1200.de\/fr\/wp-json\/wp\/v2\/tags?post=15664"},{"taxonomy":"tribe_events_cat","embeddable":true,"href":"https:\/\/radolfzell1200.de\/fr\/wp-json\/wp\/v2\/tribe_events_cat?post=15664"}],"curies":[{"name":"wp","href":"https:\/\/api.w.org\/{rel}","templated":true}]}}

Journée internationale

<p>La Journée internationale a une longue tradition à Radolfzell et a lieu tous les deux ans. C&rsquo;est une fête des cultures, marquée par la danse, la musique et la gastronomie. C&rsquo;est aussi une journée de rencontre et de cohabitation pacifique entre tous les citoyens de différentes nations et cultures.  </p>

<p>La Journée internationale a une longue tradition à Radolfzell et a lieu tous les deux ans. C&rsquo;est une fête des [&hellip;]</p>

<!-- This site is optimized with the Yoast SEO plugin v26.7 - https://yoast.com/wordpress/plugins/seo/ -->
<title>Journée internationale - Stadtjubiläum Radolfzell</title>
<meta name="robots" content="index, follow, max-snippet:-1, max-image-preview:large, max-video-preview:-1" />
<link rel="canonical" href="https://radolfzell1200.de/fr/veranstaltung/journee-internationale/" />
<meta property="og:locale" content="fr_FR" />
<meta property="og:type" content="article" />
<meta property="og:title" content="Journée internationale - Stadtjubiläum Radolfzell" />
<meta property="og:description" content="La Journée internationale a une longue tradition à Radolfzell et a lieu tous les deux ans. C&rsquo;est une fête des [&hellip;]" />
<meta property="og:url" content="https://radolfzell1200.de/fr/veranstaltung/journee-internationale/" />
<meta property="og:site_name" content="Stadtjubiläum Radolfzell" />
<meta property="og:image" content="https://radolfzell1200.de/wp-content/uploads/sites/17/2026/01/event-33a8de2a-1197-4c70-9d11-9a227ac2dd87.jpg" />
	<meta property="og:image:width" content="800" />
	<meta property="og:image:height" content="600" />
	<meta property="og:image:type" content="image/jpeg" />
<meta name="twitter:card" content="summary_large_image" />
<script type="application/ld+json" class="yoast-schema-graph">{"@context":"https://schema.org","@graph":[{"@type":"WebPage","@id":"https://radolfzell1200.de/fr/veranstaltung/journee-internationale/","url":"https://radolfzell1200.de/fr/veranstaltung/journee-internationale/","name":"Journée internationale - Stadtjubiläum Radolfzell","isPartOf":{"@id":"https://radolfzell1200.de/fr/#website"},"primaryImageOfPage":{"@id":"https://radolfzell1200.de/fr/veranstaltung/journee-internationale/#primaryimage"},"image":{"@id":"https://radolfzell1200.de/fr/veranstaltung/journee-internationale/#primaryimage"},"thumbnailUrl":"https://radolfzell1200.de/wp-content/uploads/sites/17/2026/02/event-33a8de2a-1197-4c70-9d11-9a227ac2dd87-2.jpg","datePublished":"2026-01-21T17:56:05+00:00","breadcrumb":{"@id":"https://radolfzell1200.de/fr/veranstaltung/journee-internationale/#breadcrumb"},"inLanguage":"fr-FR","potentialAction":[{"@type":"ReadAction","target":["https://radolfzell1200.de/fr/veranstaltung/journee-internationale/"]}]},{"@type":"ImageObject","inLanguage":"fr-FR","@id":"https://radolfzell1200.de/fr/veranstaltung/journee-internationale/#primaryimage","url":"https://radolfzell1200.de/wp-content/uploads/sites/17/2026/02/event-33a8de2a-1197-4c70-9d11-9a227ac2dd87-2.jpg","contentUrl":"https://radolfzell1200.de/wp-content/uploads/sites/17/2026/02/event-33a8de2a-1197-4c70-9d11-9a227ac2dd87-2.jpg","width":800,"height":600},{"@type":"BreadcrumbList","@id":"https://radolfzell1200.de/fr/veranstaltung/journee-internationale/#breadcrumb","itemListElement":[{"@type":"ListItem","position":1,"name":"Startseite","item":"https://radolfzell1200.de/fr/page-daccueil/"},{"@type":"ListItem","position":2,"name":"Évènements","item":"https://radolfzell1200.de/fr/veranstaltungen/"},{"@type":"ListItem","position":3,"name":"Journée internationale"}]},{"@type":"WebSite","@id":"https://radolfzell1200.de/fr/#website","url":"https://radolfzell1200.de/fr/","name":"Stadtjubiläum Radolfzell","description":"Kultur Radolfzell Website","potentialAction":[{"@type":"SearchAction","target":{"@type":"EntryPoint","urlTemplate":"https://radolfzell1200.de/fr/?s={search_term_string}"},"query-input":{"@type":"PropertyValueSpecification","valueRequired":true,"valueName":"search_term_string"}}],"inLanguage":"fr-FR"}]}</script>
<!-- / Yoast SEO plugin. -->

Journée internationale - Stadtjubiläum Radolfzell

La Journée internationale a une longue tradition à Radolfzell et a lieu tous les deux ans. C&rsquo;est une fête des [&hellip;]

Stadtjubiläum Radolfzell

Évènements
