{"id":15628,"date":"2026-01-21T18:55:44","date_gmt":"2026-01-21T17:55:44","guid":{"rendered":"https:\/\/radolfzell1200.de\/veranstaltung\/les-nuits-du-cinema-de-radolfzell\/"},"modified":"2026-02-17T10:42:11","modified_gmt":"2026-02-17T09:42:11","slug":"les-nuits-du-cinema-de-radolfzell","status":"publish","type":"tribe_events","link":"https:\/\/radolfzell1200.de\/fr\/veranstaltung\/les-nuits-du-cinema-de-radolfzell\/","title":{"rendered":"Les nuits du cin\u00e9ma de Radolfzell"},"content":{"rendered":"<p>Les nuits du cin\u00e9ma de Radolfzell, c&rsquo;est l&rsquo;ambiance de l&rsquo;\u00e9t\u00e9 \u00e0 l&rsquo;\u00e9tat pur ! Dans un cadre unique, directement sur les rives du lac de Constance, Radolfzell se transforme fin juillet en un cin\u00e9ma en plein air d&rsquo;un genre particulier.   <\/p>\n<p>Entre le ciel \u00e9toil\u00e9 et l&rsquo;eau, les visiteurs profitent des meilleurs films du moment dans une atmosph\u00e8re d\u00e9tendue. Les films sont pr\u00e9alablement s\u00e9lectionn\u00e9s par le public via un vote en ligne.   <\/p>\n<p>Les billets seront disponibles \u00e0 partir de mi-juin 2026 \u00e0 l&rsquo;office de tourisme de Radolfzell. Les billets restants sont disponibles \u00e0 la caisse du soir, sous r\u00e9serve de disponibilit\u00e9.<\/p>\n<p><em>De plus amples informations sur les prochaines Nuits du cin\u00e9ma en 2026 suivront prochainement.<\/em><\/p>\n","protected":false},"excerpt":{"rendered":"<p>Les nuits du cin\u00e9ma de Radolfzell, c&rsquo;est l&rsquo;ambiance de l&rsquo;\u00e9t\u00e9 \u00e0 l&rsquo;\u00e9tat pur ! Dans un cadre unique, directement sur [&hellip;]<\/p>\n","protected":false},"author":1,"featured_media":33792,"template":"","meta":{"_price":"","_stock":"","_tribe_ticket_header":"","_tribe_default_ticket_provider":"","_ticket_start_date":"","_ticket_end_date":"","_tribe_ticket_show_description":"","_tribe_ticket_show_not_going":false,"_tribe_ticket_use_global_stock":"","_tribe_ticket_global_stock_level":"","_global_stock_mode":"","_global_stock_cap":"","_tribe_rsvp_for_event":"","_tribe_ticket_going_count":"","_tribe_ticket_not_going_count":"","_tribe_tickets_list":"[]","_tribe_ticket_has_attendee_info_fields":false,"_tribe_events_status":"","_tribe_events_status_reason":"","footnotes":"","_tec_slr_enabled":"","_tec_slr_layout":""},"tags":[156,201,203,204,202,157],"tribe_events_cat":[],"class_list":["post-15628","tribe_events","type-tribe_events","status-publish","has-post-thumbnail","hentry","tag-anniversaire-de-la-ville2026","tag-cinema","tag-cinema-en-plein-air","tag-filmnaechte-radolfzell-fr","tag-marketing-du-tourisme-et-de-la-ville-de-radolfzell-gmbh","tag-tsr-mise-en-lumiere"],"yoast_head":"<!-- This site is optimized with the Yoast SEO plugin v26.7 - https:\/\/yoast.com\/wordpress\/plugins\/seo\/ -->\n<title>Les nuits du cin\u00e9ma de Radolfzell - Stadtjubil\u00e4um Radolfzell<\/title>\n<meta name=\"robots\" content=\"index, follow, max-snippet:-1, max-image-preview:large, max-video-preview:-1\" \/>\n<link rel=\"canonical\" href=\"https:\/\/radolfzell1200.de\/fr\/veranstaltung\/les-nuits-du-cinema-de-radolfzell\/\" \/>\n<meta property=\"og:locale\" content=\"fr_FR\" \/>\n<meta property=\"og:type\" content=\"article\" \/>\n<meta property=\"og:title\" content=\"Les nuits du cin\u00e9ma de Radolfzell - Stadtjubil\u00e4um Radolfzell\" \/>\n<meta property=\"og:description\" content=\"Les nuits du cin\u00e9ma de Radolfzell, c&rsquo;est l&rsquo;ambiance de l&rsquo;\u00e9t\u00e9 \u00e0 l&rsquo;\u00e9tat pur ! Dans un cadre unique, directement sur [&hellip;]\" \/>\n<meta property=\"og:url\" content=\"https:\/\/radolfzell1200.de\/fr\/veranstaltung\/les-nuits-du-cinema-de-radolfzell\/\" \/>\n<meta property=\"og:site_name\" content=\"Stadtjubil\u00e4um Radolfzell\" \/>\n<meta property=\"article:modified_time\" content=\"2026-02-17T09:42:11+00:00\" \/>\n<meta property=\"og:image\" content=\"https:\/\/radolfzell1200.de\/wp-content\/uploads\/sites\/17\/2026\/02\/event-03d957ac-999a-11ee-a51f-00163e2945d0-2.jpg\" \/>\n\t<meta property=\"og:image:width\" content=\"800\" \/>\n\t<meta property=\"og:image:height\" content=\"533\" \/>\n\t<meta property=\"og:image:type\" content=\"image\/jpeg\" \/>\n<meta name=\"twitter:card\" content=\"summary_large_image\" \/>\n<meta name=\"twitter:label1\" content=\"Dur\u00e9e de lecture estim\u00e9e\" \/>\n\t<meta name=\"twitter:data1\" content=\"1 minute\" \/>\n<script type=\"application\/ld+json\" class=\"yoast-schema-graph\">{\"@context\":\"https:\/\/schema.org\",\"@graph\":[{\"@type\":\"WebPage\",\"@id\":\"https:\/\/radolfzell1200.de\/fr\/veranstaltung\/les-nuits-du-cinema-de-radolfzell\/\",\"url\":\"https:\/\/radolfzell1200.de\/fr\/veranstaltung\/les-nuits-du-cinema-de-radolfzell\/\",\"name\":\"Les nuits du cin\u00e9ma de Radolfzell - Stadtjubil\u00e4um Radolfzell\",\"isPartOf\":{\"@id\":\"https:\/\/radolfzell1200.de\/fr\/#website\"},\"primaryImageOfPage\":{\"@id\":\"https:\/\/radolfzell1200.de\/fr\/veranstaltung\/les-nuits-du-cinema-de-radolfzell\/#primaryimage\"},\"image\":{\"@id\":\"https:\/\/radolfzell1200.de\/fr\/veranstaltung\/les-nuits-du-cinema-de-radolfzell\/#primaryimage\"},\"thumbnailUrl\":\"https:\/\/radolfzell1200.de\/wp-content\/uploads\/sites\/17\/2026\/04\/event-03d957ac-999a-11ee-a51f-00163e2945d0-1.jpg\",\"datePublished\":\"2026-01-21T17:55:44+00:00\",\"dateModified\":\"2026-02-17T09:42:11+00:00\",\"breadcrumb\":{\"@id\":\"https:\/\/radolfzell1200.de\/fr\/veranstaltung\/les-nuits-du-cinema-de-radolfzell\/#breadcrumb\"},\"inLanguage\":\"fr-FR\",\"potentialAction\":[{\"@type\":\"ReadAction\",\"target\":[\"https:\/\/radolfzell1200.de\/fr\/veranstaltung\/les-nuits-du-cinema-de-radolfzell\/\"]}]},{\"@type\":\"ImageObject\",\"inLanguage\":\"fr-FR\",\"@id\":\"https:\/\/radolfzell1200.de\/fr\/veranstaltung\/les-nuits-du-cinema-de-radolfzell\/#primaryimage\",\"url\":\"https:\/\/radolfzell1200.de\/wp-content\/uploads\/sites\/17\/2026\/04\/event-03d957ac-999a-11ee-a51f-00163e2945d0-1.jpg\",\"contentUrl\":\"https:\/\/radolfzell1200.de\/wp-content\/uploads\/sites\/17\/2026\/04\/event-03d957ac-999a-11ee-a51f-00163e2945d0-1.jpg\",\"width\":800,\"height\":533},{\"@type\":\"BreadcrumbList\",\"@id\":\"https:\/\/radolfzell1200.de\/fr\/veranstaltung\/les-nuits-du-cinema-de-radolfzell\/#breadcrumb\",\"itemListElement\":[{\"@type\":\"ListItem\",\"position\":1,\"name\":\"Startseite\",\"item\":\"https:\/\/radolfzell1200.de\/fr\/page-daccueil\/\"},{\"@type\":\"ListItem\",\"position\":2,\"name\":\"\u00c9v\u00e8nements\",\"item\":\"https:\/\/radolfzell1200.de\/fr\/veranstaltungen\/\"},{\"@type\":\"ListItem\",\"position\":3,\"name\":\"Les nuits du cin\u00e9ma de Radolfzell\"}]},{\"@type\":\"WebSite\",\"@id\":\"https:\/\/radolfzell1200.de\/fr\/#website\",\"url\":\"https:\/\/radolfzell1200.de\/fr\/\",\"name\":\"Stadtjubil\u00e4um Radolfzell\",\"description\":\"Kultur Radolfzell Website\",\"potentialAction\":[{\"@type\":\"SearchAction\",\"target\":{\"@type\":\"EntryPoint\",\"urlTemplate\":\"https:\/\/radolfzell1200.de\/fr\/?s={search_term_string}\"},\"query-input\":{\"@type\":\"PropertyValueSpecification\",\"valueRequired\":true,\"valueName\":\"search_term_string\"}}],\"inLanguage\":\"fr-FR\"}]}<\/script>\n<!-- \/ Yoast SEO plugin. -->","yoast_head_json":{"title":"Les nuits du cin\u00e9ma de Radolfzell - Stadtjubil\u00e4um Radolfzell","robots":{"index":"index","follow":"follow","max-snippet":"max-snippet:-1","max-image-preview":"max-image-preview:large","max-video-preview":"max-video-preview:-1"},"canonical":"https:\/\/radolfzell1200.de\/fr\/veranstaltung\/les-nuits-du-cinema-de-radolfzell\/","og_locale":"fr_FR","og_type":"article","og_title":"Les nuits du cin\u00e9ma de Radolfzell - Stadtjubil\u00e4um Radolfzell","og_description":"Les nuits du cin\u00e9ma de Radolfzell, c&rsquo;est l&rsquo;ambiance de l&rsquo;\u00e9t\u00e9 \u00e0 l&rsquo;\u00e9tat pur ! Dans un cadre unique, directement sur [&hellip;]","og_url":"https:\/\/radolfzell1200.de\/fr\/veranstaltung\/les-nuits-du-cinema-de-radolfzell\/","og_site_name":"Stadtjubil\u00e4um Radolfzell","article_modified_time":"2026-02-17T09:42:11+00:00","og_image":[{"width":800,"height":533,"url":"https:\/\/radolfzell1200.de\/wp-content\/uploads\/sites\/17\/2026\/02\/event-03d957ac-999a-11ee-a51f-00163e2945d0-2.jpg","type":"image\/jpeg"}],"twitter_card":"summary_large_image","twitter_misc":{"Dur\u00e9e de lecture estim\u00e9e":"1 minute"},"schema":{"@context":"https:\/\/schema.org","@graph":[{"@type":"WebPage","@id":"https:\/\/radolfzell1200.de\/fr\/veranstaltung\/les-nuits-du-cinema-de-radolfzell\/","url":"https:\/\/radolfzell1200.de\/fr\/veranstaltung\/les-nuits-du-cinema-de-radolfzell\/","name":"Les nuits du cin\u00e9ma de Radolfzell - Stadtjubil\u00e4um Radolfzell","isPartOf":{"@id":"https:\/\/radolfzell1200.de\/fr\/#website"},"primaryImageOfPage":{"@id":"https:\/\/radolfzell1200.de\/fr\/veranstaltung\/les-nuits-du-cinema-de-radolfzell\/#primaryimage"},"image":{"@id":"https:\/\/radolfzell1200.de\/fr\/veranstaltung\/les-nuits-du-cinema-de-radolfzell\/#primaryimage"},"thumbnailUrl":"https:\/\/radolfzell1200.de\/wp-content\/uploads\/sites\/17\/2026\/04\/event-03d957ac-999a-11ee-a51f-00163e2945d0-1.jpg","datePublished":"2026-01-21T17:55:44+00:00","dateModified":"2026-02-17T09:42:11+00:00","breadcrumb":{"@id":"https:\/\/radolfzell1200.de\/fr\/veranstaltung\/les-nuits-du-cinema-de-radolfzell\/#breadcrumb"},"inLanguage":"fr-FR","potentialAction":[{"@type":"ReadAction","target":["https:\/\/radolfzell1200.de\/fr\/veranstaltung\/les-nuits-du-cinema-de-radolfzell\/"]}]},{"@type":"ImageObject","inLanguage":"fr-FR","@id":"https:\/\/radolfzell1200.de\/fr\/veranstaltung\/les-nuits-du-cinema-de-radolfzell\/#primaryimage","url":"https:\/\/radolfzell1200.de\/wp-content\/uploads\/sites\/17\/2026\/04\/event-03d957ac-999a-11ee-a51f-00163e2945d0-1.jpg","contentUrl":"https:\/\/radolfzell1200.de\/wp-content\/uploads\/sites\/17\/2026\/04\/event-03d957ac-999a-11ee-a51f-00163e2945d0-1.jpg","width":800,"height":533},{"@type":"BreadcrumbList","@id":"https:\/\/radolfzell1200.de\/fr\/veranstaltung\/les-nuits-du-cinema-de-radolfzell\/#breadcrumb","itemListElement":[{"@type":"ListItem","position":1,"name":"Startseite","item":"https:\/\/radolfzell1200.de\/fr\/page-daccueil\/"},{"@type":"ListItem","position":2,"name":"\u00c9v\u00e8nements","item":"https:\/\/radolfzell1200.de\/fr\/veranstaltungen\/"},{"@type":"ListItem","position":3,"name":"Les nuits du cin\u00e9ma de Radolfzell"}]},{"@type":"WebSite","@id":"https:\/\/radolfzell1200.de\/fr\/#website","url":"https:\/\/radolfzell1200.de\/fr\/","name":"Stadtjubil\u00e4um Radolfzell","description":"Kultur Radolfzell Website","potentialAction":[{"@type":"SearchAction","target":{"@type":"EntryPoint","urlTemplate":"https:\/\/radolfzell1200.de\/fr\/?s={search_term_string}"},"query-input":{"@type":"PropertyValueSpecification","valueRequired":true,"valueName":"search_term_string"}}],"inLanguage":"fr-FR"}]}},"ticketed":false,"_links":{"self":[{"href":"https:\/\/radolfzell1200.de\/fr\/wp-json\/wp\/v2\/tribe_events\/15628","targetHints":{"allow":["GET"]}}],"collection":[{"href":"https:\/\/radolfzell1200.de\/fr\/wp-json\/wp\/v2\/tribe_events"}],"about":[{"href":"https:\/\/radolfzell1200.de\/fr\/wp-json\/wp\/v2\/types\/tribe_events"}],"author":[{"embeddable":true,"href":"https:\/\/radolfzell1200.de\/fr\/wp-json\/wp\/v2\/users\/1"}],"version-history":[{"count":1,"href":"https:\/\/radolfzell1200.de\/fr\/wp-json\/wp\/v2\/tribe_events\/15628\/revisions"}],"predecessor-version":[{"id":15641,"href":"https:\/\/radolfzell1200.de\/fr\/wp-json\/wp\/v2\/tribe_events\/15628\/revisions\/15641"}],"wp:featuredmedia":[{"embeddable":true,"href":"https:\/\/radolfzell1200.de\/fr\/wp-json\/wp\/v2\/media\/33792"}],"wp:attachment":[{"href":"https:\/\/radolfzell1200.de\/fr\/wp-json\/wp\/v2\/media?parent=15628"}],"wp:term":[{"taxonomy":"post_tag","embeddable":true,"href":"https:\/\/radolfzell1200.de\/fr\/wp-json\/wp\/v2\/tags?post=15628"},{"taxonomy":"tribe_events_cat","embeddable":true,"href":"https:\/\/radolfzell1200.de\/fr\/wp-json\/wp\/v2\/tribe_events_cat?post=15628"}],"curies":[{"name":"wp","href":"https:\/\/api.w.org\/{rel}","templated":true}]}}

Les nuits du cinéma de Radolfzell

<p>Les nuits du cinéma de Radolfzell, c&rsquo;est l&rsquo;ambiance de l&rsquo;été à l&rsquo;état pur ! Dans un cadre unique, directement sur les rives du lac de Constance, Radolfzell se transforme fin juillet en un cinéma en plein air d&rsquo;un genre particulier.   </p>
<p>Entre le ciel étoilé et l&rsquo;eau, les visiteurs profitent des meilleurs films du moment dans une atmosphère détendue. Les films sont préalablement sélectionnés par le public via un vote en ligne.   </p>
<p>Les billets seront disponibles à partir de mi-juin 2026 à l&rsquo;office de tourisme de Radolfzell. Les billets restants sont disponibles à la caisse du soir, sous réserve de disponibilité.</p>
<p><em>De plus amples informations sur les prochaines Nuits du cinéma en 2026 suivront prochainement.</em></p>

<p>Les nuits du cinéma de Radolfzell, c&rsquo;est l&rsquo;ambiance de l&rsquo;été à l&rsquo;état pur ! Dans un cadre unique, directement sur [&hellip;]</p>

<!-- This site is optimized with the Yoast SEO plugin v26.7 - https://yoast.com/wordpress/plugins/seo/ -->
<title>Les nuits du cinéma de Radolfzell - Stadtjubiläum Radolfzell</title>
<meta name="robots" content="index, follow, max-snippet:-1, max-image-preview:large, max-video-preview:-1" />
<link rel="canonical" href="https://radolfzell1200.de/fr/veranstaltung/les-nuits-du-cinema-de-radolfzell/" />
<meta property="og:locale" content="fr_FR" />
<meta property="og:type" content="article" />
<meta property="og:title" content="Les nuits du cinéma de Radolfzell - Stadtjubiläum Radolfzell" />
<meta property="og:description" content="Les nuits du cinéma de Radolfzell, c&rsquo;est l&rsquo;ambiance de l&rsquo;été à l&rsquo;état pur ! Dans un cadre unique, directement sur [&hellip;]" />
<meta property="og:url" content="https://radolfzell1200.de/fr/veranstaltung/les-nuits-du-cinema-de-radolfzell/" />
<meta property="og:site_name" content="Stadtjubiläum Radolfzell" />
<meta property="article:modified_time" content="2026-02-17T09:42:11+00:00" />
<meta property="og:image" content="https://radolfzell1200.de/wp-content/uploads/sites/17/2026/02/event-03d957ac-999a-11ee-a51f-00163e2945d0-2.jpg" />
	<meta property="og:image:width" content="800" />
	<meta property="og:image:height" content="533" />
	<meta property="og:image:type" content="image/jpeg" />
<meta name="twitter:card" content="summary_large_image" />
<meta name="twitter:label1" content="Durée de lecture estimée" />
	<meta name="twitter:data1" content="1 minute" />
<script type="application/ld+json" class="yoast-schema-graph">{"@context":"https://schema.org","@graph":[{"@type":"WebPage","@id":"https://radolfzell1200.de/fr/veranstaltung/les-nuits-du-cinema-de-radolfzell/","url":"https://radolfzell1200.de/fr/veranstaltung/les-nuits-du-cinema-de-radolfzell/","name":"Les nuits du cinéma de Radolfzell - Stadtjubiläum Radolfzell","isPartOf":{"@id":"https://radolfzell1200.de/fr/#website"},"primaryImageOfPage":{"@id":"https://radolfzell1200.de/fr/veranstaltung/les-nuits-du-cinema-de-radolfzell/#primaryimage"},"image":{"@id":"https://radolfzell1200.de/fr/veranstaltung/les-nuits-du-cinema-de-radolfzell/#primaryimage"},"thumbnailUrl":"https://radolfzell1200.de/wp-content/uploads/sites/17/2026/04/event-03d957ac-999a-11ee-a51f-00163e2945d0-1.jpg","datePublished":"2026-01-21T17:55:44+00:00","dateModified":"2026-02-17T09:42:11+00:00","breadcrumb":{"@id":"https://radolfzell1200.de/fr/veranstaltung/les-nuits-du-cinema-de-radolfzell/#breadcrumb"},"inLanguage":"fr-FR","potentialAction":[{"@type":"ReadAction","target":["https://radolfzell1200.de/fr/veranstaltung/les-nuits-du-cinema-de-radolfzell/"]}]},{"@type":"ImageObject","inLanguage":"fr-FR","@id":"https://radolfzell1200.de/fr/veranstaltung/les-nuits-du-cinema-de-radolfzell/#primaryimage","url":"https://radolfzell1200.de/wp-content/uploads/sites/17/2026/04/event-03d957ac-999a-11ee-a51f-00163e2945d0-1.jpg","contentUrl":"https://radolfzell1200.de/wp-content/uploads/sites/17/2026/04/event-03d957ac-999a-11ee-a51f-00163e2945d0-1.jpg","width":800,"height":533},{"@type":"BreadcrumbList","@id":"https://radolfzell1200.de/fr/veranstaltung/les-nuits-du-cinema-de-radolfzell/#breadcrumb","itemListElement":[{"@type":"ListItem","position":1,"name":"Startseite","item":"https://radolfzell1200.de/fr/page-daccueil/"},{"@type":"ListItem","position":2,"name":"Évènements","item":"https://radolfzell1200.de/fr/veranstaltungen/"},{"@type":"ListItem","position":3,"name":"Les nuits du cinéma de Radolfzell"}]},{"@type":"WebSite","@id":"https://radolfzell1200.de/fr/#website","url":"https://radolfzell1200.de/fr/","name":"Stadtjubiläum Radolfzell","description":"Kultur Radolfzell Website","potentialAction":[{"@type":"SearchAction","target":{"@type":"EntryPoint","urlTemplate":"https://radolfzell1200.de/fr/?s={search_term_string}"},"query-input":{"@type":"PropertyValueSpecification","valueRequired":true,"valueName":"search_term_string"}}],"inLanguage":"fr-FR"}]}</script>
<!-- / Yoast SEO plugin. -->

Les nuits du cinéma de Radolfzell - Stadtjubiläum Radolfzell

Les nuits du cinéma de Radolfzell, c&rsquo;est l&rsquo;ambiance de l&rsquo;été à l&rsquo;état pur ! Dans un cadre unique, directement sur [&hellip;]

Stadtjubiläum Radolfzell

Évènements
