{"id":5415,"date":"2025-04-07T20:13:41","date_gmt":"2025-04-07T18:13:41","guid":{"rendered":"https:\/\/radolfzell1200.de\/decouvrir-vivre\/valises-de-musee-pour-les-ecoles\/"},"modified":"2025-10-26T16:53:59","modified_gmt":"2025-10-26T15:53:59","slug":"valises-de-musee-pour-les-ecoles","status":"publish","type":"page","link":"https:\/\/radolfzell1200.de\/fr\/decouvrir-vivre\/valises-de-musee-pour-les-ecoles\/","title":{"rendered":"Valises de mus\u00e9e pour les \u00e9coles"},"content":{"rendered":"<p>&nbsp;<\/p>\n<h3>Les enfants d\u00e9couvrent l&rsquo;histoire de Radolfzell avec notre valise mus\u00e9e &#8211; Pour les classes \u00e0 l&rsquo;occasion de l&rsquo;anniversaire de la ville !<\/h3>\n<p>&nbsp;<\/p>\n<p>Dans le cadre de l&rsquo;anniversaire de notre ville, nous sommes heureux de vous pr\u00e9senter une nouvelle version de la Pochette Mus\u00e9e. La mallette du mus\u00e9e contient des t\u00e2ches et des \u00e9nigmes passionnantes qui permettent d&rsquo;explorer de mani\u00e8re ludique l&rsquo;histoire fascinante de notre ville. <\/p>\n<p>La mallette du mus\u00e9e est un kit de travail compact qui contient un grand nombre de supports pour rendre les cours vivants et vari\u00e9s. Vous y trouverez par exemple des maquettes, des r\u00e9pliques et des fiches de travail qui pr\u00e9sentent de mani\u00e8re claire les principaux \u00e9v\u00e9nements, personnalit\u00e9s et d\u00e9veloppements de Radolfzell. <\/p>\n<p>L&rsquo;objectif est de faire d\u00e9couvrir aux \u00e9l\u00e8ves l&rsquo;histoire de Radolfzell. Gr\u00e2ce \u00e0 la diversit\u00e9 des contenus, les enseignants peuvent personnaliser leurs cours et emmener leurs classes dans un petit voyage dans le temps. <\/p>\n<p>La valise du mus\u00e9e peut \u00eatre emprunt\u00e9e gratuitement pour une p\u00e9riode convenue. Elle convient aux \u00e9l\u00e8ves de l&rsquo;\u00e9cole primaire et aux groupes de maternelle et peut \u00eatre utilis\u00e9e aussi bien en classe que dans le cadre de journ\u00e9es de projet, d&rsquo;excursions ou de visites guid\u00e9es de la ville. <\/p>\n<p>Nous souhaitons ainsi contribuer \u00e0 renforcer la conscience de notre propre ville chez les plus jeunes citoyens et rendre l&rsquo;histoire de Radolfzell vivante et tangible.<\/p>\n<p>Si vous \u00eates int\u00e9ress\u00e9 par l&#8217;emprunt de la mallette du mus\u00e9e pour votre classe ou si vous souhaitez obtenir de plus amples informations, veuillez contacter notre mus\u00e9e municipal<a href=\"mailto:museum@radolfzell.de\">(museum@radolfzell.de)<\/a>. Nous sommes impatients de d\u00e9couvrir avec vous l&rsquo;histoire de Radolfzell de mani\u00e8re ludique !<\/p>\n","protected":false},"excerpt":{"rendered":"<p>&nbsp; Les enfants d\u00e9couvrent l&rsquo;histoire de Radolfzell avec notre valise mus\u00e9e &#8211; Pour les classes \u00e0 l&rsquo;occasion de l&rsquo;anniversaire de [&hellip;]<\/p>\n","protected":false},"author":1,"featured_media":0,"parent":5401,"menu_order":0,"comment_status":"closed","ping_status":"closed","template":"page-layout1.php","meta":{"_price":"","_stock":"","_tribe_ticket_header":"","_tribe_default_ticket_provider":"","_ticket_start_date":"","_ticket_end_date":"","_tribe_ticket_show_description":"","_tribe_ticket_show_not_going":false,"_tribe_ticket_use_global_stock":"","_tribe_ticket_global_stock_level":"","_global_stock_mode":"","_global_stock_cap":"","_tribe_rsvp_for_event":"","_tribe_ticket_going_count":"","_tribe_ticket_not_going_count":"","_tribe_tickets_list":"[]","_tribe_ticket_has_attendee_info_fields":false,"footnotes":""},"class_list":["post-5415","page","type-page","status-publish","hentry"],"yoast_head":"<!-- This site is optimized with the Yoast SEO plugin v26.7 - https:\/\/yoast.com\/wordpress\/plugins\/seo\/ -->\n<title>Valises de mus\u00e9e pour les \u00e9coles - Stadtjubil\u00e4um Radolfzell<\/title>\n<meta name=\"robots\" content=\"index, follow, max-snippet:-1, max-image-preview:large, max-video-preview:-1\" \/>\n<link rel=\"canonical\" href=\"https:\/\/radolfzell1200.de\/fr\/decouvrir-vivre\/valises-de-musee-pour-les-ecoles\/\" \/>\n<meta property=\"og:locale\" content=\"fr_FR\" \/>\n<meta property=\"og:type\" content=\"article\" \/>\n<meta property=\"og:title\" content=\"Valises de mus\u00e9e pour les \u00e9coles - Stadtjubil\u00e4um Radolfzell\" \/>\n<meta property=\"og:description\" content=\"&nbsp; Les enfants d\u00e9couvrent l&rsquo;histoire de Radolfzell avec notre valise mus\u00e9e &#8211; Pour les classes \u00e0 l&rsquo;occasion de l&rsquo;anniversaire de [&hellip;]\" \/>\n<meta property=\"og:url\" content=\"https:\/\/radolfzell1200.de\/fr\/decouvrir-vivre\/valises-de-musee-pour-les-ecoles\/\" \/>\n<meta property=\"og:site_name\" content=\"Stadtjubil\u00e4um Radolfzell\" \/>\n<meta property=\"article:modified_time\" content=\"2025-10-26T15:53:59+00:00\" \/>\n<meta name=\"twitter:card\" content=\"summary_large_image\" \/>\n<meta name=\"twitter:label1\" content=\"Dur\u00e9e de lecture estim\u00e9e\" \/>\n\t<meta name=\"twitter:data1\" content=\"1 minute\" \/>\n<script type=\"application\/ld+json\" class=\"yoast-schema-graph\">{\"@context\":\"https:\/\/schema.org\",\"@graph\":[{\"@type\":\"WebPage\",\"@id\":\"https:\/\/radolfzell1200.de\/fr\/decouvrir-vivre\/valises-de-musee-pour-les-ecoles\/\",\"url\":\"https:\/\/radolfzell1200.de\/fr\/decouvrir-vivre\/valises-de-musee-pour-les-ecoles\/\",\"name\":\"Valises de mus\u00e9e pour les \u00e9coles - Stadtjubil\u00e4um Radolfzell\",\"isPartOf\":{\"@id\":\"https:\/\/radolfzell1200.de\/fr\/#website\"},\"datePublished\":\"2025-04-07T18:13:41+00:00\",\"dateModified\":\"2025-10-26T15:53:59+00:00\",\"breadcrumb\":{\"@id\":\"https:\/\/radolfzell1200.de\/fr\/decouvrir-vivre\/valises-de-musee-pour-les-ecoles\/#breadcrumb\"},\"inLanguage\":\"fr-FR\",\"potentialAction\":[{\"@type\":\"ReadAction\",\"target\":[\"https:\/\/radolfzell1200.de\/fr\/decouvrir-vivre\/valises-de-musee-pour-les-ecoles\/\"]}]},{\"@type\":\"BreadcrumbList\",\"@id\":\"https:\/\/radolfzell1200.de\/fr\/decouvrir-vivre\/valises-de-musee-pour-les-ecoles\/#breadcrumb\",\"itemListElement\":[{\"@type\":\"ListItem\",\"position\":1,\"name\":\"Startseite\",\"item\":\"https:\/\/radolfzell1200.de\/fr\/page-daccueil\/\"},{\"@type\":\"ListItem\",\"position\":2,\"name\":\"D\u00e9couvrir &amp; vivre\",\"item\":\"https:\/\/radolfzell1200.de\/fr\/decouvrir-vivre\/\"},{\"@type\":\"ListItem\",\"position\":3,\"name\":\"Valises de mus\u00e9e pour les \u00e9coles\"}]},{\"@type\":\"WebSite\",\"@id\":\"https:\/\/radolfzell1200.de\/fr\/#website\",\"url\":\"https:\/\/radolfzell1200.de\/fr\/\",\"name\":\"Stadtjubil\u00e4um Radolfzell\",\"description\":\"Kultur Radolfzell Website\",\"potentialAction\":[{\"@type\":\"SearchAction\",\"target\":{\"@type\":\"EntryPoint\",\"urlTemplate\":\"https:\/\/radolfzell1200.de\/fr\/?s={search_term_string}\"},\"query-input\":{\"@type\":\"PropertyValueSpecification\",\"valueRequired\":true,\"valueName\":\"search_term_string\"}}],\"inLanguage\":\"fr-FR\"}]}<\/script>\n<!-- \/ Yoast SEO plugin. -->","yoast_head_json":{"title":"Valises de mus\u00e9e pour les \u00e9coles - Stadtjubil\u00e4um Radolfzell","robots":{"index":"index","follow":"follow","max-snippet":"max-snippet:-1","max-image-preview":"max-image-preview:large","max-video-preview":"max-video-preview:-1"},"canonical":"https:\/\/radolfzell1200.de\/fr\/decouvrir-vivre\/valises-de-musee-pour-les-ecoles\/","og_locale":"fr_FR","og_type":"article","og_title":"Valises de mus\u00e9e pour les \u00e9coles - Stadtjubil\u00e4um Radolfzell","og_description":"&nbsp; Les enfants d\u00e9couvrent l&rsquo;histoire de Radolfzell avec notre valise mus\u00e9e &#8211; Pour les classes \u00e0 l&rsquo;occasion de l&rsquo;anniversaire de [&hellip;]","og_url":"https:\/\/radolfzell1200.de\/fr\/decouvrir-vivre\/valises-de-musee-pour-les-ecoles\/","og_site_name":"Stadtjubil\u00e4um Radolfzell","article_modified_time":"2025-10-26T15:53:59+00:00","twitter_card":"summary_large_image","twitter_misc":{"Dur\u00e9e de lecture estim\u00e9e":"1 minute"},"schema":{"@context":"https:\/\/schema.org","@graph":[{"@type":"WebPage","@id":"https:\/\/radolfzell1200.de\/fr\/decouvrir-vivre\/valises-de-musee-pour-les-ecoles\/","url":"https:\/\/radolfzell1200.de\/fr\/decouvrir-vivre\/valises-de-musee-pour-les-ecoles\/","name":"Valises de mus\u00e9e pour les \u00e9coles - Stadtjubil\u00e4um Radolfzell","isPartOf":{"@id":"https:\/\/radolfzell1200.de\/fr\/#website"},"datePublished":"2025-04-07T18:13:41+00:00","dateModified":"2025-10-26T15:53:59+00:00","breadcrumb":{"@id":"https:\/\/radolfzell1200.de\/fr\/decouvrir-vivre\/valises-de-musee-pour-les-ecoles\/#breadcrumb"},"inLanguage":"fr-FR","potentialAction":[{"@type":"ReadAction","target":["https:\/\/radolfzell1200.de\/fr\/decouvrir-vivre\/valises-de-musee-pour-les-ecoles\/"]}]},{"@type":"BreadcrumbList","@id":"https:\/\/radolfzell1200.de\/fr\/decouvrir-vivre\/valises-de-musee-pour-les-ecoles\/#breadcrumb","itemListElement":[{"@type":"ListItem","position":1,"name":"Startseite","item":"https:\/\/radolfzell1200.de\/fr\/page-daccueil\/"},{"@type":"ListItem","position":2,"name":"D\u00e9couvrir &amp; vivre","item":"https:\/\/radolfzell1200.de\/fr\/decouvrir-vivre\/"},{"@type":"ListItem","position":3,"name":"Valises de mus\u00e9e pour les \u00e9coles"}]},{"@type":"WebSite","@id":"https:\/\/radolfzell1200.de\/fr\/#website","url":"https:\/\/radolfzell1200.de\/fr\/","name":"Stadtjubil\u00e4um Radolfzell","description":"Kultur Radolfzell Website","potentialAction":[{"@type":"SearchAction","target":{"@type":"EntryPoint","urlTemplate":"https:\/\/radolfzell1200.de\/fr\/?s={search_term_string}"},"query-input":{"@type":"PropertyValueSpecification","valueRequired":true,"valueName":"search_term_string"}}],"inLanguage":"fr-FR"}]}},"_links":{"self":[{"href":"https:\/\/radolfzell1200.de\/fr\/wp-json\/wp\/v2\/pages\/5415","targetHints":{"allow":["GET"]}}],"collection":[{"href":"https:\/\/radolfzell1200.de\/fr\/wp-json\/wp\/v2\/pages"}],"about":[{"href":"https:\/\/radolfzell1200.de\/fr\/wp-json\/wp\/v2\/types\/page"}],"author":[{"embeddable":true,"href":"https:\/\/radolfzell1200.de\/fr\/wp-json\/wp\/v2\/users\/1"}],"replies":[{"embeddable":true,"href":"https:\/\/radolfzell1200.de\/fr\/wp-json\/wp\/v2\/comments?post=5415"}],"version-history":[{"count":1,"href":"https:\/\/radolfzell1200.de\/fr\/wp-json\/wp\/v2\/pages\/5415\/revisions"}],"predecessor-version":[{"id":6209,"href":"https:\/\/radolfzell1200.de\/fr\/wp-json\/wp\/v2\/pages\/5415\/revisions\/6209"}],"up":[{"embeddable":true,"href":"https:\/\/radolfzell1200.de\/fr\/wp-json\/wp\/v2\/pages\/5401"}],"wp:attachment":[{"href":"https:\/\/radolfzell1200.de\/fr\/wp-json\/wp\/v2\/media?parent=5415"}],"curies":[{"name":"wp","href":"https:\/\/api.w.org\/{rel}","templated":true}]}}

Valises de musée pour les écoles

<p>&nbsp;</p>
<h3>Les enfants découvrent l&rsquo;histoire de Radolfzell avec notre valise musée &#8211; Pour les classes à l&rsquo;occasion de l&rsquo;anniversaire de la ville !</h3>
<p>&nbsp;</p>
<p>Dans le cadre de l&rsquo;anniversaire de notre ville, nous sommes heureux de vous présenter une nouvelle version de la Pochette Musée. La mallette du musée contient des tâches et des énigmes passionnantes qui permettent d&rsquo;explorer de manière ludique l&rsquo;histoire fascinante de notre ville. </p>
<p>La mallette du musée est un kit de travail compact qui contient un grand nombre de supports pour rendre les cours vivants et variés. Vous y trouverez par exemple des maquettes, des répliques et des fiches de travail qui présentent de manière claire les principaux événements, personnalités et développements de Radolfzell. </p>
<p>L&rsquo;objectif est de faire découvrir aux élèves l&rsquo;histoire de Radolfzell. Grâce à la diversité des contenus, les enseignants peuvent personnaliser leurs cours et emmener leurs classes dans un petit voyage dans le temps. </p>
<p>La valise du musée peut être empruntée gratuitement pour une période convenue. Elle convient aux élèves de l&rsquo;école primaire et aux groupes de maternelle et peut être utilisée aussi bien en classe que dans le cadre de journées de projet, d&rsquo;excursions ou de visites guidées de la ville. </p>
<p>Nous souhaitons ainsi contribuer à renforcer la conscience de notre propre ville chez les plus jeunes citoyens et rendre l&rsquo;histoire de Radolfzell vivante et tangible.</p>
<p>Si vous êtes intéressé par l&#8217;emprunt de la mallette du musée pour votre classe ou si vous souhaitez obtenir de plus amples informations, veuillez contacter notre musée municipal<a href="mailto:museum@radolfzell.de">(museum@radolfzell.de)</a>. Nous sommes impatients de découvrir avec vous l&rsquo;histoire de Radolfzell de manière ludique !</p>

<p>&nbsp; Les enfants découvrent l&rsquo;histoire de Radolfzell avec notre valise musée &#8211; Pour les classes à l&rsquo;occasion de l&rsquo;anniversaire de [&hellip;]</p>

<!-- This site is optimized with the Yoast SEO plugin v26.7 - https://yoast.com/wordpress/plugins/seo/ -->
<title>Valises de musée pour les écoles - Stadtjubiläum Radolfzell</title>
<meta name="robots" content="index, follow, max-snippet:-1, max-image-preview:large, max-video-preview:-1" />
<link rel="canonical" href="https://radolfzell1200.de/fr/decouvrir-vivre/valises-de-musee-pour-les-ecoles/" />
<meta property="og:locale" content="fr_FR" />
<meta property="og:type" content="article" />
<meta property="og:title" content="Valises de musée pour les écoles - Stadtjubiläum Radolfzell" />
<meta property="og:description" content="&nbsp; Les enfants découvrent l&rsquo;histoire de Radolfzell avec notre valise musée &#8211; Pour les classes à l&rsquo;occasion de l&rsquo;anniversaire de [&hellip;]" />
<meta property="og:url" content="https://radolfzell1200.de/fr/decouvrir-vivre/valises-de-musee-pour-les-ecoles/" />
<meta property="og:site_name" content="Stadtjubiläum Radolfzell" />
<meta property="article:modified_time" content="2025-10-26T15:53:59+00:00" />
<meta name="twitter:card" content="summary_large_image" />
<meta name="twitter:label1" content="Durée de lecture estimée" />
	<meta name="twitter:data1" content="1 minute" />
<script type="application/ld+json" class="yoast-schema-graph">{"@context":"https://schema.org","@graph":[{"@type":"WebPage","@id":"https://radolfzell1200.de/fr/decouvrir-vivre/valises-de-musee-pour-les-ecoles/","url":"https://radolfzell1200.de/fr/decouvrir-vivre/valises-de-musee-pour-les-ecoles/","name":"Valises de musée pour les écoles - Stadtjubiläum Radolfzell","isPartOf":{"@id":"https://radolfzell1200.de/fr/#website"},"datePublished":"2025-04-07T18:13:41+00:00","dateModified":"2025-10-26T15:53:59+00:00","breadcrumb":{"@id":"https://radolfzell1200.de/fr/decouvrir-vivre/valises-de-musee-pour-les-ecoles/#breadcrumb"},"inLanguage":"fr-FR","potentialAction":[{"@type":"ReadAction","target":["https://radolfzell1200.de/fr/decouvrir-vivre/valises-de-musee-pour-les-ecoles/"]}]},{"@type":"BreadcrumbList","@id":"https://radolfzell1200.de/fr/decouvrir-vivre/valises-de-musee-pour-les-ecoles/#breadcrumb","itemListElement":[{"@type":"ListItem","position":1,"name":"Startseite","item":"https://radolfzell1200.de/fr/page-daccueil/"},{"@type":"ListItem","position":2,"name":"Découvrir &amp; vivre","item":"https://radolfzell1200.de/fr/decouvrir-vivre/"},{"@type":"ListItem","position":3,"name":"Valises de musée pour les écoles"}]},{"@type":"WebSite","@id":"https://radolfzell1200.de/fr/#website","url":"https://radolfzell1200.de/fr/","name":"Stadtjubiläum Radolfzell","description":"Kultur Radolfzell Website","potentialAction":[{"@type":"SearchAction","target":{"@type":"EntryPoint","urlTemplate":"https://radolfzell1200.de/fr/?s={search_term_string}"},"query-input":{"@type":"PropertyValueSpecification","valueRequired":true,"valueName":"search_term_string"}}],"inLanguage":"fr-FR"}]}</script>
<!-- / Yoast SEO plugin. -->

Valises de musée pour les écoles - Stadtjubiläum Radolfzell

&nbsp; Les enfants découvrent l&rsquo;histoire de Radolfzell avec notre valise musée &#8211; Pour les classes à l&rsquo;occasion de l&rsquo;anniversaire de [&hellip;]

Stadtjubiläum Radolfzell

Découvrir &amp; vivre
