{"id":15821,"date":"2026-01-21T19:05:53","date_gmt":"2026-01-21T18:05:53","guid":{"rendered":"https:\/\/radolfzell1200.de\/veranstaltung\/from-grain-to-bread-a-brief-history-of-bread\/"},"modified":"2026-02-06T14:21:57","modified_gmt":"2026-02-06T13:21:57","slug":"from-grain-to-bread-a-brief-history-of-bread","status":"publish","type":"tribe_events","link":"https:\/\/radolfzell1200.de\/en\/veranstaltung\/from-grain-to-bread-a-brief-history-of-bread\/","title":{"rendered":"From grain to bread &#8211; a brief history of bread"},"content":{"rendered":"<p>The M\u00f6gginger Backh\u00fcsle Association and the M\u00f6gginger Community Garden are joining forces to bring the history of bread &#8211; far beyond the last 1,200 years &#8211; to life during the month of June. They trace the path from the grain to the finished bread, but also the history of bread over the past centuries. With practical activities, the two associations want to arouse interest in bread baking and show that bread is more than just a staple food.  <\/p>\n<p><strong>02.-30.06.26<\/strong><br \/>&#8221; &#8220;From grain to bread&#8221; exhibition in the BUND M\u00f6ggingen premises<\/p>\n<p> &#8221; Display boards in the M\u00f6ggingen community garden on<br \/>grain varieties<br \/><strong><br \/>11.06.26 at 7 pm<\/strong><br \/>Lecture &#8220;Mills in and around Radolfzell and M\u00f6ggingen&#8221; at<br \/>Dorfgemeinschaftshaus<br \/><strong><br \/>12.06.26 at 7 pm<\/strong><br \/>Lecture &#8220;Everything about baking bread&#8221; in the village community center<strong><\/p>\n<p>13. &amp; 14.06.26<\/strong><br \/>Bread baking and tasting at the M\u00f6gginger Backh\u00fcsle, guided tour<br \/>through the community garden (registration required)<\/p>\n<p><\/p>\n","protected":false},"excerpt":{"rendered":"<p>The M\u00f6gginger Backh\u00fcsle Association and the M\u00f6gginger Community Garden are joining forces to bring the history of bread &#8211; far [&hellip;]<\/p>\n","protected":false},"author":1,"featured_media":19344,"template":"","meta":{"_price":"","_stock":"","_tribe_ticket_header":"","_tribe_default_ticket_provider":"","_ticket_start_date":"","_ticket_end_date":"","_tribe_ticket_show_description":"","_tribe_ticket_show_not_going":false,"_tribe_ticket_use_global_stock":"","_tribe_ticket_global_stock_level":"","_global_stock_mode":"","_global_stock_cap":"","_tribe_rsvp_for_event":"","_tribe_ticket_going_count":"","_tribe_ticket_not_going_count":"","_tribe_tickets_list":"[]","_tribe_ticket_has_attendee_info_fields":false,"_tribe_events_status":"","_tribe_events_status_reason":"","footnotes":"","_tec_slr_enabled":"","_tec_slr_layout":""},"tags":[],"tribe_events_cat":[],"class_list":["post-15821","tribe_events","type-tribe_events","status-publish","has-post-thumbnail","hentry"],"yoast_head":"<!-- This site is optimized with the Yoast SEO plugin v26.7 - https:\/\/yoast.com\/wordpress\/plugins\/seo\/ -->\n<title>From grain to bread - a brief history of bread - Stadtjubil\u00e4um Radolfzell<\/title>\n<meta name=\"robots\" content=\"index, follow, max-snippet:-1, max-image-preview:large, max-video-preview:-1\" \/>\n<link rel=\"canonical\" href=\"https:\/\/radolfzell1200.de\/en\/veranstaltung\/from-grain-to-bread-a-brief-history-of-bread\/\" \/>\n<meta property=\"og:locale\" content=\"en_US\" \/>\n<meta property=\"og:type\" content=\"article\" \/>\n<meta property=\"og:title\" content=\"From grain to bread - a brief history of bread - Stadtjubil\u00e4um Radolfzell\" \/>\n<meta property=\"og:description\" content=\"The M\u00f6gginger Backh\u00fcsle Association and the M\u00f6gginger Community Garden are joining forces to bring the history of bread &#8211; far [&hellip;]\" \/>\n<meta property=\"og:url\" content=\"https:\/\/radolfzell1200.de\/en\/veranstaltung\/from-grain-to-bread-a-brief-history-of-bread\/\" \/>\n<meta property=\"og:site_name\" content=\"Stadtjubil\u00e4um Radolfzell\" \/>\n<meta property=\"article:modified_time\" content=\"2026-02-06T13:21:57+00:00\" \/>\n<meta property=\"og:image\" content=\"https:\/\/radolfzell1200.de\/wp-content\/uploads\/sites\/17\/2026\/02\/event-9f22c5b6-61c7-4fda-a90a-52382821e24b-2.jpg\" \/>\n\t<meta property=\"og:image:width\" content=\"800\" \/>\n\t<meta property=\"og:image:height\" content=\"600\" \/>\n\t<meta property=\"og:image:type\" content=\"image\/jpeg\" \/>\n<meta name=\"twitter:card\" content=\"summary_large_image\" \/>\n<meta name=\"twitter:label1\" content=\"Est. reading time\" \/>\n\t<meta name=\"twitter:data1\" content=\"1 minute\" \/>\n<script type=\"application\/ld+json\" class=\"yoast-schema-graph\">{\"@context\":\"https:\/\/schema.org\",\"@graph\":[{\"@type\":\"WebPage\",\"@id\":\"https:\/\/radolfzell1200.de\/en\/veranstaltung\/from-grain-to-bread-a-brief-history-of-bread\/\",\"url\":\"https:\/\/radolfzell1200.de\/en\/veranstaltung\/from-grain-to-bread-a-brief-history-of-bread\/\",\"name\":\"From grain to bread - a brief history of bread - Stadtjubil\u00e4um Radolfzell\",\"isPartOf\":{\"@id\":\"https:\/\/radolfzell1200.de\/en\/#website\"},\"primaryImageOfPage\":{\"@id\":\"https:\/\/radolfzell1200.de\/en\/veranstaltung\/from-grain-to-bread-a-brief-history-of-bread\/#primaryimage\"},\"image\":{\"@id\":\"https:\/\/radolfzell1200.de\/en\/veranstaltung\/from-grain-to-bread-a-brief-history-of-bread\/#primaryimage\"},\"thumbnailUrl\":\"https:\/\/radolfzell1200.de\/wp-content\/uploads\/sites\/17\/2026\/02\/event-9f22c5b6-61c7-4fda-a90a-52382821e24b-2.jpg\",\"datePublished\":\"2026-01-21T18:05:53+00:00\",\"dateModified\":\"2026-02-06T13:21:57+00:00\",\"breadcrumb\":{\"@id\":\"https:\/\/radolfzell1200.de\/en\/veranstaltung\/from-grain-to-bread-a-brief-history-of-bread\/#breadcrumb\"},\"inLanguage\":\"en-US\",\"potentialAction\":[{\"@type\":\"ReadAction\",\"target\":[\"https:\/\/radolfzell1200.de\/en\/veranstaltung\/from-grain-to-bread-a-brief-history-of-bread\/\"]}]},{\"@type\":\"ImageObject\",\"inLanguage\":\"en-US\",\"@id\":\"https:\/\/radolfzell1200.de\/en\/veranstaltung\/from-grain-to-bread-a-brief-history-of-bread\/#primaryimage\",\"url\":\"https:\/\/radolfzell1200.de\/wp-content\/uploads\/sites\/17\/2026\/02\/event-9f22c5b6-61c7-4fda-a90a-52382821e24b-2.jpg\",\"contentUrl\":\"https:\/\/radolfzell1200.de\/wp-content\/uploads\/sites\/17\/2026\/02\/event-9f22c5b6-61c7-4fda-a90a-52382821e24b-2.jpg\",\"width\":800,\"height\":600},{\"@type\":\"BreadcrumbList\",\"@id\":\"https:\/\/radolfzell1200.de\/en\/veranstaltung\/from-grain-to-bread-a-brief-history-of-bread\/#breadcrumb\",\"itemListElement\":[{\"@type\":\"ListItem\",\"position\":1,\"name\":\"Startseite\",\"item\":\"https:\/\/radolfzell1200.de\/en\/home-page\/\"},{\"@type\":\"ListItem\",\"position\":2,\"name\":\"Events\",\"item\":\"https:\/\/radolfzell1200.de\/en\/veranstaltungen\/\"},{\"@type\":\"ListItem\",\"position\":3,\"name\":\"From grain to bread &#8211; a brief history of bread\"}]},{\"@type\":\"WebSite\",\"@id\":\"https:\/\/radolfzell1200.de\/en\/#website\",\"url\":\"https:\/\/radolfzell1200.de\/en\/\",\"name\":\"Stadtjubil\u00e4um Radolfzell\",\"description\":\"Kultur Radolfzell Website\",\"potentialAction\":[{\"@type\":\"SearchAction\",\"target\":{\"@type\":\"EntryPoint\",\"urlTemplate\":\"https:\/\/radolfzell1200.de\/en\/?s={search_term_string}\"},\"query-input\":{\"@type\":\"PropertyValueSpecification\",\"valueRequired\":true,\"valueName\":\"search_term_string\"}}],\"inLanguage\":\"en-US\"}]}<\/script>\n<!-- \/ Yoast SEO plugin. -->","yoast_head_json":{"title":"From grain to bread - a brief history of bread - Stadtjubil\u00e4um Radolfzell","robots":{"index":"index","follow":"follow","max-snippet":"max-snippet:-1","max-image-preview":"max-image-preview:large","max-video-preview":"max-video-preview:-1"},"canonical":"https:\/\/radolfzell1200.de\/en\/veranstaltung\/from-grain-to-bread-a-brief-history-of-bread\/","og_locale":"en_US","og_type":"article","og_title":"From grain to bread - a brief history of bread - Stadtjubil\u00e4um Radolfzell","og_description":"The M\u00f6gginger Backh\u00fcsle Association and the M\u00f6gginger Community Garden are joining forces to bring the history of bread &#8211; far [&hellip;]","og_url":"https:\/\/radolfzell1200.de\/en\/veranstaltung\/from-grain-to-bread-a-brief-history-of-bread\/","og_site_name":"Stadtjubil\u00e4um Radolfzell","article_modified_time":"2026-02-06T13:21:57+00:00","og_image":[{"width":800,"height":600,"url":"https:\/\/radolfzell1200.de\/wp-content\/uploads\/sites\/17\/2026\/02\/event-9f22c5b6-61c7-4fda-a90a-52382821e24b-2.jpg","type":"image\/jpeg"}],"twitter_card":"summary_large_image","twitter_misc":{"Est. reading time":"1 minute"},"schema":{"@context":"https:\/\/schema.org","@graph":[{"@type":"WebPage","@id":"https:\/\/radolfzell1200.de\/en\/veranstaltung\/from-grain-to-bread-a-brief-history-of-bread\/","url":"https:\/\/radolfzell1200.de\/en\/veranstaltung\/from-grain-to-bread-a-brief-history-of-bread\/","name":"From grain to bread - a brief history of bread - Stadtjubil\u00e4um Radolfzell","isPartOf":{"@id":"https:\/\/radolfzell1200.de\/en\/#website"},"primaryImageOfPage":{"@id":"https:\/\/radolfzell1200.de\/en\/veranstaltung\/from-grain-to-bread-a-brief-history-of-bread\/#primaryimage"},"image":{"@id":"https:\/\/radolfzell1200.de\/en\/veranstaltung\/from-grain-to-bread-a-brief-history-of-bread\/#primaryimage"},"thumbnailUrl":"https:\/\/radolfzell1200.de\/wp-content\/uploads\/sites\/17\/2026\/02\/event-9f22c5b6-61c7-4fda-a90a-52382821e24b-2.jpg","datePublished":"2026-01-21T18:05:53+00:00","dateModified":"2026-02-06T13:21:57+00:00","breadcrumb":{"@id":"https:\/\/radolfzell1200.de\/en\/veranstaltung\/from-grain-to-bread-a-brief-history-of-bread\/#breadcrumb"},"inLanguage":"en-US","potentialAction":[{"@type":"ReadAction","target":["https:\/\/radolfzell1200.de\/en\/veranstaltung\/from-grain-to-bread-a-brief-history-of-bread\/"]}]},{"@type":"ImageObject","inLanguage":"en-US","@id":"https:\/\/radolfzell1200.de\/en\/veranstaltung\/from-grain-to-bread-a-brief-history-of-bread\/#primaryimage","url":"https:\/\/radolfzell1200.de\/wp-content\/uploads\/sites\/17\/2026\/02\/event-9f22c5b6-61c7-4fda-a90a-52382821e24b-2.jpg","contentUrl":"https:\/\/radolfzell1200.de\/wp-content\/uploads\/sites\/17\/2026\/02\/event-9f22c5b6-61c7-4fda-a90a-52382821e24b-2.jpg","width":800,"height":600},{"@type":"BreadcrumbList","@id":"https:\/\/radolfzell1200.de\/en\/veranstaltung\/from-grain-to-bread-a-brief-history-of-bread\/#breadcrumb","itemListElement":[{"@type":"ListItem","position":1,"name":"Startseite","item":"https:\/\/radolfzell1200.de\/en\/home-page\/"},{"@type":"ListItem","position":2,"name":"Events","item":"https:\/\/radolfzell1200.de\/en\/veranstaltungen\/"},{"@type":"ListItem","position":3,"name":"From grain to bread &#8211; a brief history of bread"}]},{"@type":"WebSite","@id":"https:\/\/radolfzell1200.de\/en\/#website","url":"https:\/\/radolfzell1200.de\/en\/","name":"Stadtjubil\u00e4um Radolfzell","description":"Kultur Radolfzell Website","potentialAction":[{"@type":"SearchAction","target":{"@type":"EntryPoint","urlTemplate":"https:\/\/radolfzell1200.de\/en\/?s={search_term_string}"},"query-input":{"@type":"PropertyValueSpecification","valueRequired":true,"valueName":"search_term_string"}}],"inLanguage":"en-US"}]}},"ticketed":false,"_links":{"self":[{"href":"https:\/\/radolfzell1200.de\/en\/wp-json\/wp\/v2\/tribe_events\/15821","targetHints":{"allow":["GET"]}}],"collection":[{"href":"https:\/\/radolfzell1200.de\/en\/wp-json\/wp\/v2\/tribe_events"}],"about":[{"href":"https:\/\/radolfzell1200.de\/en\/wp-json\/wp\/v2\/types\/tribe_events"}],"author":[{"embeddable":true,"href":"https:\/\/radolfzell1200.de\/en\/wp-json\/wp\/v2\/users\/1"}],"version-history":[{"count":2,"href":"https:\/\/radolfzell1200.de\/en\/wp-json\/wp\/v2\/tribe_events\/15821\/revisions"}],"predecessor-version":[{"id":18483,"href":"https:\/\/radolfzell1200.de\/en\/wp-json\/wp\/v2\/tribe_events\/15821\/revisions\/18483"}],"wp:featuredmedia":[{"embeddable":true,"href":"https:\/\/radolfzell1200.de\/en\/wp-json\/wp\/v2\/media\/19344"}],"wp:attachment":[{"href":"https:\/\/radolfzell1200.de\/en\/wp-json\/wp\/v2\/media?parent=15821"}],"wp:term":[{"taxonomy":"post_tag","embeddable":true,"href":"https:\/\/radolfzell1200.de\/en\/wp-json\/wp\/v2\/tags?post=15821"},{"taxonomy":"tribe_events_cat","embeddable":true,"href":"https:\/\/radolfzell1200.de\/en\/wp-json\/wp\/v2\/tribe_events_cat?post=15821"}],"curies":[{"name":"wp","href":"https:\/\/api.w.org\/{rel}","templated":true}]}}

<p>The Mögginger Backhüsle Association and the Mögginger Community Garden are joining forces to bring the history of bread &#8211; far beyond the last 1,200 years &#8211; to life during the month of June. They trace the path from the grain to the finished bread, but also the history of bread over the past centuries. With practical activities, the two associations want to arouse interest in bread baking and show that bread is more than just a staple food.  </p>
<p><strong>02.-30.06.26</strong><br />&#8221; &#8220;From grain to bread&#8221; exhibition in the BUND Möggingen premises</p>
<p> &#8221; Display boards in the Möggingen community garden on<br />grain varieties<br /><strong><br />11.06.26 at 7 pm</strong><br />Lecture &#8220;Mills in and around Radolfzell and Möggingen&#8221; at<br />Dorfgemeinschaftshaus<br /><strong><br />12.06.26 at 7 pm</strong><br />Lecture &#8220;Everything about baking bread&#8221; in the village community center<strong></p>
<p>13. &amp; 14.06.26</strong><br />Bread baking and tasting at the Mögginger Backhüsle, guided tour<br />through the community garden (registration required)</p>
<p></p>

<p>The Mögginger Backhüsle Association and the Mögginger Community Garden are joining forces to bring the history of bread &#8211; far [&hellip;]</p>

<!-- This site is optimized with the Yoast SEO plugin v26.7 - https://yoast.com/wordpress/plugins/seo/ -->
<title>From grain to bread - a brief history of bread - Stadtjubiläum Radolfzell</title>
<meta name="robots" content="index, follow, max-snippet:-1, max-image-preview:large, max-video-preview:-1" />
<link rel="canonical" href="https://radolfzell1200.de/en/veranstaltung/from-grain-to-bread-a-brief-history-of-bread/" />
<meta property="og:locale" content="en_US" />
<meta property="og:type" content="article" />
<meta property="og:title" content="From grain to bread - a brief history of bread - Stadtjubiläum Radolfzell" />
<meta property="og:description" content="The Mögginger Backhüsle Association and the Mögginger Community Garden are joining forces to bring the history of bread &#8211; far [&hellip;]" />
<meta property="og:url" content="https://radolfzell1200.de/en/veranstaltung/from-grain-to-bread-a-brief-history-of-bread/" />
<meta property="og:site_name" content="Stadtjubiläum Radolfzell" />
<meta property="article:modified_time" content="2026-02-06T13:21:57+00:00" />
<meta property="og:image" content="https://radolfzell1200.de/wp-content/uploads/sites/17/2026/02/event-9f22c5b6-61c7-4fda-a90a-52382821e24b-2.jpg" />
	<meta property="og:image:width" content="800" />
	<meta property="og:image:height" content="600" />
	<meta property="og:image:type" content="image/jpeg" />
<meta name="twitter:card" content="summary_large_image" />
<meta name="twitter:label1" content="Est. reading time" />
	<meta name="twitter:data1" content="1 minute" />
<script type="application/ld+json" class="yoast-schema-graph">{"@context":"https://schema.org","@graph":[{"@type":"WebPage","@id":"https://radolfzell1200.de/en/veranstaltung/from-grain-to-bread-a-brief-history-of-bread/","url":"https://radolfzell1200.de/en/veranstaltung/from-grain-to-bread-a-brief-history-of-bread/","name":"From grain to bread - a brief history of bread - Stadtjubiläum Radolfzell","isPartOf":{"@id":"https://radolfzell1200.de/en/#website"},"primaryImageOfPage":{"@id":"https://radolfzell1200.de/en/veranstaltung/from-grain-to-bread-a-brief-history-of-bread/#primaryimage"},"image":{"@id":"https://radolfzell1200.de/en/veranstaltung/from-grain-to-bread-a-brief-history-of-bread/#primaryimage"},"thumbnailUrl":"https://radolfzell1200.de/wp-content/uploads/sites/17/2026/02/event-9f22c5b6-61c7-4fda-a90a-52382821e24b-2.jpg","datePublished":"2026-01-21T18:05:53+00:00","dateModified":"2026-02-06T13:21:57+00:00","breadcrumb":{"@id":"https://radolfzell1200.de/en/veranstaltung/from-grain-to-bread-a-brief-history-of-bread/#breadcrumb"},"inLanguage":"en-US","potentialAction":[{"@type":"ReadAction","target":["https://radolfzell1200.de/en/veranstaltung/from-grain-to-bread-a-brief-history-of-bread/"]}]},{"@type":"ImageObject","inLanguage":"en-US","@id":"https://radolfzell1200.de/en/veranstaltung/from-grain-to-bread-a-brief-history-of-bread/#primaryimage","url":"https://radolfzell1200.de/wp-content/uploads/sites/17/2026/02/event-9f22c5b6-61c7-4fda-a90a-52382821e24b-2.jpg","contentUrl":"https://radolfzell1200.de/wp-content/uploads/sites/17/2026/02/event-9f22c5b6-61c7-4fda-a90a-52382821e24b-2.jpg","width":800,"height":600},{"@type":"BreadcrumbList","@id":"https://radolfzell1200.de/en/veranstaltung/from-grain-to-bread-a-brief-history-of-bread/#breadcrumb","itemListElement":[{"@type":"ListItem","position":1,"name":"Startseite","item":"https://radolfzell1200.de/en/home-page/"},{"@type":"ListItem","position":2,"name":"Events","item":"https://radolfzell1200.de/en/veranstaltungen/"},{"@type":"ListItem","position":3,"name":"From grain to bread &#8211; a brief history of bread"}]},{"@type":"WebSite","@id":"https://radolfzell1200.de/en/#website","url":"https://radolfzell1200.de/en/","name":"Stadtjubiläum Radolfzell","description":"Kultur Radolfzell Website","potentialAction":[{"@type":"SearchAction","target":{"@type":"EntryPoint","urlTemplate":"https://radolfzell1200.de/en/?s={search_term_string}"},"query-input":{"@type":"PropertyValueSpecification","valueRequired":true,"valueName":"search_term_string"}}],"inLanguage":"en-US"}]}</script>
<!-- / Yoast SEO plugin. -->

From grain to bread - a brief history of bread - Stadtjubiläum Radolfzell

The Mögginger Backhüsle Association and the Mögginger Community Garden are joining forces to bring the history of bread &#8211; far [&hellip;]

Stadtjubiläum Radolfzell
